{"id":870,"date":"2024-09-03T12:17:37","date_gmt":"2024-09-03T10:17:37","guid":{"rendered":"https:\/\/uelsen-nachhaltig.de\/wordpress\/?page_id=870"},"modified":"2025-07-29T21:43:47","modified_gmt":"2025-07-29T19:43:47","slug":"aktuell","status":"publish","type":"page","link":"https:\/\/uelsen-nachhaltig.de\/wordpress\/aktuell\/","title":{"rendered":"Aktuell"},"content":{"rendered":"\n<div class=\"wp-block-uagb-container uagb-block-e4fc630f alignfull uagb-is-root-container\"><div class=\"uagb-container-inner-blocks-wrap\">\n<div class=\"wp-block-uagb-container uagb-block-c4c1b381\">\n<div class=\"wp-block-uagb-advanced-heading uagb-block-bd11d723\"><h2 class=\"uagb-heading-text\"> Aktuelles &#8211; Initiative Uelsen nachhaltig<\/h2><\/div>\n<\/div>\n\n\n\n<div class=\"wp-block-columns is-layout-flex wp-container-core-columns-is-layout-28f84493 wp-block-columns-is-layout-flex\">\n<div class=\"wp-block-column is-layout-flow wp-block-column-is-layout-flow\" style=\"flex-basis:100%\">\n<div class=\"wp-block-uagb-container uagb-block-a2275c05\">\n<div class=\"wp-block-uagb-container uagb-block-891d8146\">\n<div class=\"wp-block-uagb-advanced-heading uagb-block-dee95f20\"><h2 class=\"uagb-heading-text\">Satzungs-Auszug<br>Entwurf f\u00fcr unser Update, am 19.08.25 zu beschlie\u00dfen<\/h2><\/div>\n\n\n\n<figure class=\"wp-block-image size-full\"><img loading=\"lazy\" decoding=\"async\" width=\"336\" height=\"525\" src=\"https:\/\/uelsen-nachhaltig.de\/wordpress\/wp-content\/uploads\/2025\/07\/Update-1-Enwurf-fuer-19.08.25.jpg\" alt=\"\" class=\"wp-image-3381\" srcset=\"https:\/\/uelsen-nachhaltig.de\/wordpress\/wp-content\/uploads\/2025\/07\/Update-1-Enwurf-fuer-19.08.25.jpg 336w, https:\/\/uelsen-nachhaltig.de\/wordpress\/wp-content\/uploads\/2025\/07\/Update-1-Enwurf-fuer-19.08.25-192x300.jpg 192w\" sizes=\"auto, (max-width: 336px) 100vw, 336px\" \/><\/figure>\n\n\n\n<div class=\"wp-block-uagb-advanced-heading uagb-block-eb267f90\"><h2 class=\"uagb-heading-text\">Gr\u00fcndung gelungen, nur &#8230;              <sub>Anfg. Juli 2025<\/sub><\/h2><p class=\"uagb-desc-text\">Bei der Gr\u00fcndungsversammlung am 17.06. waren wir mit 21 Teilnehmer. Sehr sch\u00f6n \ud83d\ude42<br>Daraufhin wurde der Antrag auf Eintragung in das Vereinsregister losgeschickt, doch siehe da, sie entdeckten noch ein paar Formfehler. Dann war da noch das Finanzamt, dort wird \u00fcber die Anerkennung als <strong>gemeinn\u00fctziger<\/strong> Verein entschieden. Hier wurden noch mehr Fehler festgestellt, es fehlten ihnen klare Formulierungen gezielt, was nicht-eigenn\u00fctzig betrifft. Wir haben weiter daran gearbeitet und umformuliert &#8230;.<br>Notwendig wird nun eine 2. Gr\u00fcndungsversammlung.Sie soll am Di,, 19. Aug. ab 19:30 Uhr stattfinden, ebenfalls in unserem &#8218;Domizil&#8216; in der Alten Molkerei.<\/p><\/div>\n<\/div>\n\n\n\n<div class=\"wp-block-uagb-image uagb-block-96fd6f48 wp-block-uagb-image--layout-default wp-block-uagb-image--effect-static wp-block-uagb-image--align-none\"><figure class=\"wp-block-uagb-image__figure\"><img decoding=\"async\" srcset=\"https:\/\/uelsen-nachhaltig.de\/wordpress\/wp-content\/uploads\/2025\/06\/Einladung01-749x1024.jpg ,https:\/\/uelsen-nachhaltig.de\/wordpress\/wp-content\/uploads\/2025\/06\/Einladung01-scaled.jpg 780w, https:\/\/uelsen-nachhaltig.de\/wordpress\/wp-content\/uploads\/2025\/06\/Einladung01-scaled.jpg 360w\" sizes=\"auto, (max-width: 480px) 150px\" src=\"https:\/\/uelsen-nachhaltig.de\/wordpress\/wp-content\/uploads\/2025\/06\/Einladung01-749x1024.jpg\" alt=\"\" class=\"uag-image-3376\" width=\"2292\" height=\"3132\" title=\"Einladung01\" loading=\"lazy\" role=\"img\"\/><\/figure><\/div>\n<\/div>\n\n\n\n<div class=\"wp-block-uagb-container uagb-block-786aa690\">\n<div class=\"wp-block-uagb-container uagb-block-aa7c78b0\">\n<div class=\"wp-block-uagb-container uagb-block-682c74b8\">\n<div class=\"wp-block-uagb-image uagb-block-359029de wp-block-uagb-image--layout-default wp-block-uagb-image--effect-static wp-block-uagb-image--align-none\"><figure class=\"wp-block-uagb-image__figure\"><img decoding=\"async\" srcset=\"https:\/\/uelsen-nachhaltig.de\/wordpress\/wp-content\/uploads\/2025\/04\/Rundbrief4S-724x1024.jpg ,https:\/\/uelsen-nachhaltig.de\/wordpress\/wp-content\/uploads\/2025\/04\/Rundbrief4S-scaled.jpg 780w, https:\/\/uelsen-nachhaltig.de\/wordpress\/wp-content\/uploads\/2025\/04\/Rundbrief4S-scaled.jpg 360w\" sizes=\"auto, (max-width: 480px) 150px\" src=\"https:\/\/uelsen-nachhaltig.de\/wordpress\/wp-content\/uploads\/2025\/04\/Rundbrief4S-724x1024.jpg\" alt=\"\" class=\"uag-image-3358\" width=\"2480\" height=\"3508\" title=\"Rundbrief4S\" loading=\"lazy\" role=\"img\"\/><\/figure><\/div>\n\n\n\n<div class=\"wp-block-uagb-advanced-heading uagb-block-5b395cde\"><h4 class=\"uagb-heading-text\">Spezifische Einladung an alle &#8218;Sympathisanten&#8216;:<\/h4><\/div>\n\n\n\n<div class=\"wp-block-uagb-image uagb-block-9f292226 wp-block-uagb-image--layout-default wp-block-uagb-image--effect-static wp-block-uagb-image--align-none\"><figure class=\"wp-block-uagb-image__figure\"><img decoding=\"async\" srcset=\"https:\/\/uelsen-nachhaltig.de\/wordpress\/wp-content\/uploads\/2025\/04\/Einladung-Info-23-4_1v3-1024x626.jpg ,https:\/\/uelsen-nachhaltig.de\/wordpress\/wp-content\/uploads\/2025\/04\/Einladung-Info-23-4_1v3.jpg 780w, https:\/\/uelsen-nachhaltig.de\/wordpress\/wp-content\/uploads\/2025\/04\/Einladung-Info-23-4_1v3.jpg 360w\" sizes=\"auto, (max-width: 480px) 150px\" src=\"https:\/\/uelsen-nachhaltig.de\/wordpress\/wp-content\/uploads\/2025\/04\/Einladung-Info-23-4_1v3-1024x626.jpg\" alt=\"\" class=\"uag-image-3335\" width=\"854\" height=\"396\" title=\"Einladung Info 23-4_1v3\" loading=\"lazy\" role=\"img\"\/><\/figure><\/div>\n\n\n\n<div class=\"wp-block-uagb-image uagb-block-03bd5710 wp-block-uagb-image--layout-default wp-block-uagb-image--effect-static wp-block-uagb-image--align-none\"><figure class=\"wp-block-uagb-image__figure\"><img decoding=\"async\" srcset=\"https:\/\/uelsen-nachhaltig.de\/wordpress\/wp-content\/uploads\/2025\/04\/Einladung-Info-23-4_2v3-1-1024x519.jpg ,https:\/\/uelsen-nachhaltig.de\/wordpress\/wp-content\/uploads\/2025\/04\/Einladung-Info-23-4_2v3-1.jpg 780w, https:\/\/uelsen-nachhaltig.de\/wordpress\/wp-content\/uploads\/2025\/04\/Einladung-Info-23-4_2v3-1.jpg 360w\" sizes=\"auto, (max-width: 480px) 150px\" src=\"https:\/\/uelsen-nachhaltig.de\/wordpress\/wp-content\/uploads\/2025\/04\/Einladung-Info-23-4_2v3-1-1024x519.jpg\" alt=\"\" class=\"uag-image-3340\" width=\"862\" height=\"437\" title=\"Einladung Info 23-4_2v3\" loading=\"lazy\" role=\"img\"\/><\/figure><\/div>\n\n\n\n<div class=\"wp-block-uagb-image uagb-block-db264ba6 wp-block-uagb-image--layout-default wp-block-uagb-image--effect-static wp-block-uagb-image--align-none\"><figure class=\"wp-block-uagb-image__figure\"><img decoding=\"async\" srcset=\"https:\/\/uelsen-nachhaltig.de\/wordpress\/wp-content\/uploads\/2025\/04\/Einladung-Info-23-4_3v3-1-1024x447.jpg ,https:\/\/uelsen-nachhaltig.de\/wordpress\/wp-content\/uploads\/2025\/04\/Einladung-Info-23-4_3v3-1.jpg 780w, https:\/\/uelsen-nachhaltig.de\/wordpress\/wp-content\/uploads\/2025\/04\/Einladung-Info-23-4_3v3-1.jpg 360w\" sizes=\"auto, (max-width: 480px) 150px\" src=\"https:\/\/uelsen-nachhaltig.de\/wordpress\/wp-content\/uploads\/2025\/04\/Einladung-Info-23-4_3v3-1-1024x447.jpg\" alt=\"\" class=\"uag-image-3339\" width=\"838\" height=\"366\" title=\"Einladung Info 23-4_3v3\" loading=\"lazy\" role=\"img\"\/><\/figure><\/div>\n<\/div>\n<\/div>\n<\/div>\n<\/div>\n<\/div>\n<\/div><\/div>\n\n\n\n<div class=\"wp-block-uagb-container uagb-block-c6726f89 alignfull uagb-is-root-container\"><div class=\"uagb-container-inner-blocks-wrap\">\n<div class=\"wp-block-uagb-advanced-heading uagb-block-4fc8d977\"><h2 class=\"uagb-heading-text\">Wie ist es gelaufen?               <sub> 25.03.2025<\/sub><\/h2><p class=\"uagb-desc-text\">Wie war das Jahr 2024? Welchen Gewinn die Initiativarbeit f\u00fcr Beteiligte und andere gebracht hat, l\u00e4sst sich kaum beschreiben. Was aber das Zahlenwerk betrifft (Spendeneinnahmen, Austeilung &#8230;), so wird hier genau Buch gef\u00fchrt. Auf der Seite <a href=\"https:\/\/uelsen-nachhaltig.de\/wordpress\/projekte\/fazit-2\/\" data-type=\"page\" data-id=\"763\">Fazit<\/a> finden sich die Jahres-Ergebnisse, auf den Unterseiten <a href=\"https:\/\/uelsen-nachhaltig.de\/wordpress\/projekte\/fazit-2\/nothilfe-einsatzunterstuetzungen\/\" data-type=\"page\" data-id=\"3030\">Nothilfe-Leistungen<\/a> sowie <a href=\"https:\/\/uelsen-nachhaltig.de\/wordpress\/projekte\/fazit-2\/bildungs-und-aufklaerungsarbeit-ressort-2\/\" data-type=\"page\" data-id=\"3036\">Bildungs- und Aufkl\u00e4rungsarbeit<\/a> gibt es Infos zur Mittelverwendung. Und auf der Seite <a href=\"https:\/\/uelsen-nachhaltig.de\/wordpress\/projekte\/fazit-2\/initiativarbeit-vor-ort\/\" data-type=\"page\" data-id=\"3182\">Projektarbeit vor Ort<\/a> findet sich eine Einnahmen-\/Ausgaben-\u00dcbersicht.<\/p><\/div>\n\n\n\n<p><\/p>\n\n\n\n<div class=\"wp-block-uagb-advanced-heading uagb-block-91663493\"><h2 class=\"uagb-heading-text\">Neue Seiten. Echt &#8230;               <sub> 14.01.2025<\/sub><\/h2><p class=\"uagb-desc-text\">Neues Jahr &#8211; neue Themen (+ alte Herausforderungen).<br>&#8222;Pr\u00fcft alles und behaltet das Gute&#8220;, so wird uns angeraten im Satz der Jahreslosung 2025. Nicht schlecht, nur wie gehen wir&#8217;s an? Wie w\u00e4re es mit dem Aufsp\u00fcren alles Guten &#8230; ; hier geht&#8217;s zur vorbereiteten Seite: <a href=\"https:\/\/uelsen-nachhaltig.de\/wordpress\/aha\/echtgut\/\" data-type=\"page\" data-id=\"3115\">Echt gut<\/a><\/p><\/div>\n\n\n\n<p><\/p>\n\n\n\n<div class=\"wp-block-uagb-advanced-heading uagb-block-32ed7057\"><h2 class=\"uagb-heading-text\">Diese Homepage<\/h2><\/div>\n\n\n\n<div class=\"wp-block-uagb-container uagb-block-24d1d1d8\">\n<div class=\"wp-block-uagb-advanced-heading uagb-block-6a9f88c7\"><p class=\"uagb-desc-text\">Hilfreich sind in dieser Hinsicht, NEUHEITEN-INFOS, die immer dann per Mail (oder wenn gew\u00fcnscht auch per WhatsApp) kommen, wenn es Neues gibt. Gehe daf\u00fcr einfach zu <a href=\"https:\/\/uelsen-nachhaltig.de\/wordpress\/kontakt\/\" data-type=\"link\" data-id=\"https:\/\/uelsen-nachhaltig.de\/wordpress\/kontakt\/\">KONTAKT<\/a> und nenne Stichwort &#8222;News&#8220;. So bleibst du dran.<\/p><\/div>\n<\/div>\n\n\n\n<div class=\"wp-block-uagb-container uagb-block-97aadcbc\">\n<div class=\"wp-block-uagb-advanced-heading uagb-block-aef4d171\"><h2 class=\"uagb-heading-text\"> <\/h2><p class=\"uagb-desc-text\">In Arbeit sind noch folgende Seiten: Bei &#8218;\u00dcber uns&#8216; soll noch eine Chronik erscheinen (&#8222;Das war&#8220;), unter Men\u00fcpunkt \u201aProjekte\u2018 stellen wir noch 3 weitere vor, die im Aufbau oder geplant sind: Leihbar, Leseplatz, sowie &#8218;Fit at Put&#8216;. Im Men\u00fc Aha C.C. geht es z.B. sp\u00e4ter noch zur Ideenkiste, WorkShops, Arbeitsgemeinschaften (AG), Best of &#8230;, Forum Chredo, AusZeit<\/p><\/div>\n\n\n\n<p>&#8212;&#8212;&#8212;&#8212;&#8212;&#8212;&#8212;&#8212;&#8212;&#8212;&#8212;&#8212;&#8212;&#8212;&#8212;&#8212;&#8212;&#8212;&#8212;&#8212;&#8212;&#8212;&#8212;&#8212;&#8212;&#8212;&#8212;&#8212;&#8212;&#8212;&#8212;&#8212;&#8212;&#8212;&#8212;&#8212;&#8212;&#8212;&#8212;&#8212;&#8212;&#8212;&#8212;&#8212;&#8212;&#8212;&#8212;&#8212;&#8212;&#8212;&#8212;&#8212;&#8212;&#8212;&#8212;&#8212;&#8212;&#8212;&#8212;&#8212;&#8211;<\/p>\n\n\n\n<div class=\"wp-block-uagb-advanced-heading uagb-block-aa72503d\"><h2 class=\"uagb-heading-text\">Unterst\u00fctzung Willkommen&nbsp;<\/h2><p class=\"uagb-desc-text\">Wem auch daran gelegen ist, dass diese \u201aSache\u2018 gut weiterl\u00e4uft, kann die Arbeit auf unterschiedliche Weise unterst\u00fctzen. Sachspenden, Geldspenden, Zeit spenden \u2026 &#8211; je nach pers\u00f6nlicher M\u00f6glichkeit.<br>Im finanziellen Bereich hilft es uns sehr, wenn Einzelne sich bereit erkl\u00e4ren, als F\u00f6rdermitglied eine Spende nach Ermessen zu \u00fcberweisen. Gerne geregelt, vielleicht monatlich 3,-, 5,- Euro oder mehr. So kann besser gew\u00e4hrleistet werden, dass wir die R\u00e4umlichkeit halten und alles noch zu einer gr\u00f6\u00dferen Effektivit\u00e4t ausgebaut wird. Danke an jene, die bisher schon gro\u00dfz\u00fcgig Betr\u00e4ge \u00fcberwiesen haben!<br>Hier die Kontoverbindung der Initiative Uelsen nachhaltig:<br>IBAN DE55 2806 9926 1218 7828 00<br><a href=\"https:\/\/uelsen-nachhaltig.de\/wordpress\/foerdern\/\" data-type=\"page\" data-id=\"1711\">( Siehe auch die Seite F\u00f6rdern )<\/a><br><\/p><\/div>\n\n\n\n<div class=\"wp-block-uagb-separator uagb-block-6238af19\"><div class=\"uagb-separator-spacing-wrapper\"><div class=\"wp-block-uagb-separator__inner\" style=\"--my-background-image:\"><\/div><\/div><\/div>\n\n\n\n<div class=\"wp-block-uagb-advanced-heading uagb-block-5dbaa310\"><h2 class=\"uagb-heading-text\">Sinnvolle Besch\u00e4ftigung gesucht?<\/h2><p class=\"uagb-desc-text\">Da gibt es gewiss noch so manche Interessierte, die auf irgendeine Weise sich gerne einbringen w\u00fcrden. In dieser Initiative gibt es daf\u00fcr sehr verschiedene M\u00f6glichkeiten. Einfach mal kontakten und wir schauen weiter \u2026<br><\/p><\/div>\n\n\n\n<div class=\"wp-block-uagb-separator uagb-block-a8c8db0c\"><div class=\"uagb-separator-spacing-wrapper\"><div class=\"wp-block-uagb-separator__inner\" style=\"--my-background-image:\"><\/div><\/div><\/div>\n\n\n\n<div class=\"wp-block-uagb-advanced-heading uagb-block-8b2ca38c\"><h2 class=\"uagb-heading-text\">Beteiligung an einem Wettbewerb                <sub> 30.08.2024<\/sub><\/h2><\/div>\n\n\n\n<div class=\"wp-block-uagb-separator uagb-block-d16a70a0\"><div class=\"uagb-separator-spacing-wrapper\"><div class=\"wp-block-uagb-separator__inner\" style=\"--my-background-image:\"><\/div><\/div><\/div>\n\n\n\n<div class=\"wp-block-uagb-container uagb-block-ae386c6d\">\n<div class=\"wp-block-uagb-image aligncenter uagb-block-a29b756a wp-block-uagb-image--layout-default wp-block-uagb-image--effect-static wp-block-uagb-image--align-center\"><figure class=\"wp-block-uagb-image__figure\"><img decoding=\"async\" srcset=\"https:\/\/uelsen-nachhaltig.de\/wordpress\/wp-content\/uploads\/2024\/09\/Foto-1-Bauteilboerse-300x290.jpg ,https:\/\/uelsen-nachhaltig.de\/wordpress\/wp-content\/uploads\/2024\/09\/Foto-1-Bauteilboerse.jpg 780w, https:\/\/uelsen-nachhaltig.de\/wordpress\/wp-content\/uploads\/2024\/09\/Foto-1-Bauteilboerse.jpg 360w\" sizes=\"auto, (max-width: 480px) 150px\" src=\"https:\/\/uelsen-nachhaltig.de\/wordpress\/wp-content\/uploads\/2024\/09\/Foto-1-Bauteilboerse-300x290.jpg\" alt=\"\" class=\"uag-image-1821\" width=\"300\" height=\"290\" title=\"Foto 1 Bauteilb\u00f6rse\" loading=\"lazy\" role=\"img\"\/><\/figure><\/div>\n<\/div>\n\n\n\n<div class=\"wp-block-uagb-separator uagb-block-1391bf1a\"><div class=\"uagb-separator-spacing-wrapper\"><div class=\"wp-block-uagb-separator__inner\" style=\"--my-background-image:\"><\/div><\/div><\/div>\n\n\n\n<div class=\"wp-block-uagb-container uagb-block-0ed499f7\">\n<div class=\"wp-block-uagb-image uagb-block-123a4f3e wp-block-uagb-image--layout-default wp-block-uagb-image--effect-static wp-block-uagb-image--align-none\"><figure class=\"wp-block-uagb-image__figure\"><img decoding=\"async\" srcset=\"https:\/\/uelsen-nachhaltig.de\/wordpress\/wp-content\/uploads\/2024\/09\/Foto-2-AufarbtgReparatur-300x231.jpg ,https:\/\/uelsen-nachhaltig.de\/wordpress\/wp-content\/uploads\/2024\/09\/Foto-2-AufarbtgReparatur.jpg 780w, https:\/\/uelsen-nachhaltig.de\/wordpress\/wp-content\/uploads\/2024\/09\/Foto-2-AufarbtgReparatur.jpg 360w\" sizes=\"auto, (max-width: 480px) 150px\" src=\"https:\/\/uelsen-nachhaltig.de\/wordpress\/wp-content\/uploads\/2024\/09\/Foto-2-AufarbtgReparatur-300x231.jpg\" alt=\"\" class=\"uag-image-1824\" width=\"300\" height=\"231\" title=\"Foto 2 Aufarbtg+Reparatur\" loading=\"lazy\" role=\"img\"\/><\/figure><\/div>\n<a class=\"spectra-container-link-overlay\" rel=\"noopener\" href=\"https:\/\/uelsen-nachhaltig.de\/wordpress\/projekte\/reparatur-cafe-2\/\"> <\/a><\/div>\n\n\n\n<div class=\"wp-block-uagb-separator uagb-block-3cf0d150\"><div class=\"uagb-separator-spacing-wrapper\"><div class=\"wp-block-uagb-separator__inner\" style=\"--my-background-image:\"><\/div><\/div><\/div>\n\n\n\n<div class=\"wp-block-uagb-container uagb-block-b408302b\">\n<div class=\"wp-block-uagb-image uagb-block-98def811 wp-block-uagb-image--layout-default wp-block-uagb-image--effect-static wp-block-uagb-image--align-none\"><figure class=\"wp-block-uagb-image__figure\"><img decoding=\"async\" srcset=\"https:\/\/uelsen-nachhaltig.de\/wordpress\/wp-content\/uploads\/2024\/09\/Foto-3-Bastlerfundgrube-300x244.jpg ,https:\/\/uelsen-nachhaltig.de\/wordpress\/wp-content\/uploads\/2024\/09\/Foto-3-Bastlerfundgrube.jpg 780w, https:\/\/uelsen-nachhaltig.de\/wordpress\/wp-content\/uploads\/2024\/09\/Foto-3-Bastlerfundgrube.jpg 360w\" sizes=\"auto, (max-width: 480px) 150px\" src=\"https:\/\/uelsen-nachhaltig.de\/wordpress\/wp-content\/uploads\/2024\/09\/Foto-3-Bastlerfundgrube-300x244.jpg\" alt=\"\" class=\"uag-image-1825\" width=\"300\" height=\"244\" title=\"Foto 3 Bastlerfundgrube\" loading=\"lazy\" role=\"img\"\/><\/figure><\/div>\n<\/div>\n\n\n\n<div class=\"wp-block-uagb-separator uagb-block-ce686468\"><div class=\"uagb-separator-spacing-wrapper\"><div class=\"wp-block-uagb-separator__inner\" style=\"--my-background-image:\"><\/div><\/div><\/div>\n\n\n\n<div class=\"wp-block-uagb-container uagb-block-fa1e7047\">\n<div class=\"wp-block-uagb-image uagb-block-5d90a2b1 wp-block-uagb-image--layout-default wp-block-uagb-image--effect-static wp-block-uagb-image--align-none\"><figure class=\"wp-block-uagb-image__figure\"><img decoding=\"async\" srcset=\"https:\/\/uelsen-nachhaltig.de\/wordpress\/wp-content\/uploads\/2024\/09\/Foto-4-Verleihstation-300x246.jpg ,https:\/\/uelsen-nachhaltig.de\/wordpress\/wp-content\/uploads\/2024\/09\/Foto-4-Verleihstation.jpg 780w, https:\/\/uelsen-nachhaltig.de\/wordpress\/wp-content\/uploads\/2024\/09\/Foto-4-Verleihstation.jpg 360w\" sizes=\"auto, (max-width: 480px) 150px\" src=\"https:\/\/uelsen-nachhaltig.de\/wordpress\/wp-content\/uploads\/2024\/09\/Foto-4-Verleihstation-300x246.jpg\" alt=\"\" class=\"uag-image-1826\" width=\"300\" height=\"246\" title=\"Foto 4 Verleihstation\" loading=\"lazy\" role=\"img\"\/><\/figure><\/div>\n<\/div>\n\n\n\n<div class=\"wp-block-uagb-separator uagb-block-9d1d53f8\"><div class=\"uagb-separator-spacing-wrapper\"><div class=\"wp-block-uagb-separator__inner\" style=\"--my-background-image:\"><\/div><\/div><\/div>\n\n\n\n<div class=\"wp-block-uagb-container uagb-block-5ff20605\">\n<div class=\"wp-block-uagb-image uagb-block-0eb61261 wp-block-uagb-image--layout-default wp-block-uagb-image--effect-static wp-block-uagb-image--align-none\"><figure class=\"wp-block-uagb-image__figure\"><img decoding=\"async\" srcset=\"https:\/\/uelsen-nachhaltig.de\/wordpress\/wp-content\/uploads\/2024\/09\/Foto-5-AHA-Connect-Cafe-300x278.jpg ,https:\/\/uelsen-nachhaltig.de\/wordpress\/wp-content\/uploads\/2024\/09\/Foto-5-AHA-Connect-Cafe.jpg 780w, https:\/\/uelsen-nachhaltig.de\/wordpress\/wp-content\/uploads\/2024\/09\/Foto-5-AHA-Connect-Cafe.jpg 360w\" sizes=\"auto, (max-width: 480px) 150px\" src=\"https:\/\/uelsen-nachhaltig.de\/wordpress\/wp-content\/uploads\/2024\/09\/Foto-5-AHA-Connect-Cafe-300x278.jpg\" alt=\"\" class=\"uag-image-1827\" width=\"300\" height=\"278\" title=\"Foto 5 AHA-Connect-Cafe\" loading=\"lazy\" role=\"img\"\/><\/figure><\/div>\n<\/div>\n\n\n\n<div class=\"wp-block-uagb-separator uagb-block-1c2a277d\"><div class=\"uagb-separator-spacing-wrapper\"><div class=\"wp-block-uagb-separator__inner\" style=\"--my-background-image:\"><\/div><\/div><\/div>\n<\/div>\n\n\n\n<div class=\"wp-block-uagb-container uagb-block-2fa906d1\">\n<div class=\"wp-block-uagb-advanced-heading uagb-block-66fa69fd\"><h2 class=\"uagb-heading-text\">Neuer Flyer <\/h2><\/div>\n\n\n\n<div class=\"wp-block-uagb-advanced-heading uagb-block-7a6f194b\"><p class=\"uagb-desc-text\">  (28.08.2024)<\/p><\/div>\n\n\n\n<div class=\"wp-block-uagb-advanced-heading uagb-block-08796490\"><p class=\"uagb-desc-text\">mit 6 Seiten erstellt. In Kurzform ein \u00dcberblick der angelaufenen und geplanten Projekte. <br><a href=\"https:\/\/uelsen-nachhaltig.de\/wordpress\/aktuell__trashed\/flyer\/\" data-type=\"page\" data-id=\"362\">Zum Einblick hier.<\/a><\/p><\/div>\n<\/div>\n<\/div><\/div>\n","protected":false},"excerpt":{"rendered":"<p>Aktuelles &#8211; Initiative Uelsen nachhaltig Satzungs-AuszugEntwurf f\u00fcr unser Update, am 19.08.25 zu beschlie\u00dfen Gr\u00fcndung gelungen, nur &#8230; Anfg. Juli 2025 [&hellip;]<\/p>\n","protected":false},"author":1,"featured_media":0,"parent":0,"menu_order":2,"comment_status":"closed","ping_status":"closed","template":"","meta":{"_uag_custom_page_level_css":"","site-sidebar-layout":"default","site-content-layout":"","ast-site-content-layout":"","site-content-style":"default","site-sidebar-style":"default","ast-global-header-display":"","ast-banner-title-visibility":"","ast-main-header-display":"","ast-hfb-above-header-display":"","ast-hfb-below-header-display":"","ast-hfb-mobile-header-display":"","site-post-title":"disabled","ast-breadcrumbs-content":"","ast-featured-img":"","footer-sml-layout":"","theme-transparent-header-meta":"","adv-header-id-meta":"","stick-header-meta":"","header-above-stick-meta":"","header-main-stick-meta":"","header-below-stick-meta":"","astra-migrate-meta-layouts":"default","ast-page-background-enabled":"default","ast-page-background-meta":{"desktop":{"background-color":"var(--ast-global-color-4)","background-image":"","background-repeat":"repeat","background-position":"center center","background-size":"auto","background-attachment":"scroll","background-type":"","background-media":"","overlay-type":"","overlay-color":"","overlay-opacity":"","overlay-gradient":""},"tablet":{"background-color":"","background-image":"","background-repeat":"repeat","background-position":"center center","background-size":"auto","background-attachment":"scroll","background-type":"","background-media":"","overlay-type":"","overlay-color":"","overlay-opacity":"","overlay-gradient":""},"mobile":{"background-color":"","background-image":"","background-repeat":"repeat","background-position":"center center","background-size":"auto","background-attachment":"scroll","background-type":"","background-media":"","overlay-type":"","overlay-color":"","overlay-opacity":"","overlay-gradient":""}},"ast-content-background-meta":{"desktop":{"background-color":"var(--ast-global-color-5)","background-image":"","background-repeat":"repeat","background-position":"center center","background-size":"auto","background-attachment":"scroll","background-type":"","background-media":"","overlay-type":"","overlay-color":"","overlay-opacity":"","overlay-gradient":""},"tablet":{"background-color":"var(--ast-global-color-5)","background-image":"","background-repeat":"repeat","background-position":"center center","background-size":"auto","background-attachment":"scroll","background-type":"","background-media":"","overlay-type":"","overlay-color":"","overlay-opacity":"","overlay-gradient":""},"mobile":{"background-color":"var(--ast-global-color-5)","background-image":"","background-repeat":"repeat","background-position":"center center","background-size":"auto","background-attachment":"scroll","background-type":"","background-media":"","overlay-type":"","overlay-color":"","overlay-opacity":"","overlay-gradient":""}},"iawp_total_views":226,"footnotes":""},"class_list":["post-870","page","type-page","status-publish","hentry"],"uagb_featured_image_src":{"full":false,"thumbnail":false,"medium":false,"medium_large":false,"large":false,"1536x1536":false,"2048x2048":false},"uagb_author_info":{"display_name":"hermannmarkert","author_link":"https:\/\/uelsen-nachhaltig.de\/wordpress\/author\/hermannmarkert\/"},"uagb_comment_info":0,"uagb_excerpt":"Aktuelles &#8211; Initiative Uelsen nachhaltig Satzungs-AuszugEntwurf f\u00fcr unser Update, am 19.08.25 zu beschlie\u00dfen Gr\u00fcndung gelungen, nur &#8230; Anfg. Juli 2025 [&hellip;]","_links":{"self":[{"href":"https:\/\/uelsen-nachhaltig.de\/wordpress\/wp-json\/wp\/v2\/pages\/870","targetHints":{"allow":["GET"]}}],"collection":[{"href":"https:\/\/uelsen-nachhaltig.de\/wordpress\/wp-json\/wp\/v2\/pages"}],"about":[{"href":"https:\/\/uelsen-nachhaltig.de\/wordpress\/wp-json\/wp\/v2\/types\/page"}],"author":[{"embeddable":true,"href":"https:\/\/uelsen-nachhaltig.de\/wordpress\/wp-json\/wp\/v2\/users\/1"}],"replies":[{"embeddable":true,"href":"https:\/\/uelsen-nachhaltig.de\/wordpress\/wp-json\/wp\/v2\/comments?post=870"}],"version-history":[{"count":10,"href":"https:\/\/uelsen-nachhaltig.de\/wordpress\/wp-json\/wp\/v2\/pages\/870\/revisions"}],"predecessor-version":[{"id":3382,"href":"https:\/\/uelsen-nachhaltig.de\/wordpress\/wp-json\/wp\/v2\/pages\/870\/revisions\/3382"}],"wp:attachment":[{"href":"https:\/\/uelsen-nachhaltig.de\/wordpress\/wp-json\/wp\/v2\/media?parent=870"}],"curies":[{"name":"wp","href":"https:\/\/api.w.org\/{rel}","templated":true}]}}