{"id":350,"date":"2024-08-23T21:13:12","date_gmt":"2024-08-23T19:13:12","guid":{"rendered":"https:\/\/uelsen-nachhaltig.de\/wordpress\/?page_id=350"},"modified":"2025-06-06T21:33:17","modified_gmt":"2025-06-06T19:33:17","slug":"persoenlich","status":"publish","type":"page","link":"https:\/\/uelsen-nachhaltig.de\/wordpress\/uber-uns\/persoenlich\/","title":{"rendered":"Pers\u00f6nlich"},"content":{"rendered":"\n<div class=\"wp-block-uagb-container uagb-block-bfbdb218 alignfull uagb-is-root-container\"><div class=\"uagb-container-inner-blocks-wrap\">\n<div class=\"wp-block-uagb-container uagb-block-3f4aa89e\">\n<div class=\"wp-block-uagb-advanced-heading uagb-block-b0a7b370\"><h2 class=\"uagb-heading-text\">Pers\u00f6nlich<\/h2><p class=\"uagb-desc-text\">Hier nun die <strong>Akteure und Unterst\u00fctzer<\/strong> der Initiativ-Bewegung vor Ort.<br>Angefangen hat es im November 2020, um gezielt der Wegwerfmentalit\u00e4t etwas entgegen zu setzen. <br>Zudem konnten mit den dabei erzielten Spendengeldern diverse Hilfen erm\u00f6glicht werden.<br>M\u00f6glich wurde alles durch die Eins\u00e4tze und Zurverf\u00fcgungstellung von Mitteln durch bisher <strong><mark style=\"background-color:#c5a2f3\" class=\"has-inline-color\">80 Personen<\/mark><\/strong>. (Stand Mitte Mai 2025)<br><em><sub>Die Namen sind hier noch nicht vollst\u00e4ndig, da einige Zustimmungen zur Ver\u00f6ffentlichung noch fehlen.<\/sub><\/em><\/p><\/div>\n\n\n\n<p><\/p>\n<\/div>\n\n\n\n<div class=\"wp-block-uagb-container uagb-block-a164a852\">\n<div class=\"wp-block-columns is-layout-flex wp-container-core-columns-is-layout-28f84493 wp-block-columns-is-layout-flex\">\n<div class=\"wp-block-column is-layout-flow wp-block-column-is-layout-flow\" style=\"flex-basis:100%\">\n<div class=\"wp-block-uagb-image uagb-block-b43f7c4a wp-block-uagb-image--layout-default wp-block-uagb-image--effect-static wp-block-uagb-image--align-none\"><figure class=\"wp-block-uagb-image__figure\"><img decoding=\"async\"  sizes=\"auto, (max-width: 480px) 150px\" src=\"https:\/\/uelsen-nachhaltig.de\/wordpress\/wp-content\/uploads\/2025\/04\/2.3-Pers_blass-1024x244.jpg\" alt=\"\" width=\"1158\" height=\"276\" title=\"\" loading=\"lazy\" role=\"img\"\/><\/figure><\/div>\n<\/div>\n<\/div>\n\n\n\n<div class=\"wp-block-uagb-container uagb-block-4b4528ee\">\n<div class=\"wp-block-uagb-container uagb-block-2bda59c8\">\n<div class=\"wp-block-uagb-advanced-heading uagb-block-ae499c8c\"><p class=\"uagb-heading-text\">Alfred L&#8230;   |   Alfriede Olthuis  |  Andr\u00e8 Beniermann   |    Anita H&#8230;   |  Anja Brouwer  |  Anke Terwey  |  Anna Markert  |   Anna R&#8230;  |  Anne B&#8230;  |  Anneke Kruize   |  Annetraud Gr\u00fcnhagen  |  Berta R&#8230;  |  Cees Verharen  |  Cornelia Voet   |  Daniela Roetmann  |  Daniela L&#8230;  |  Edeltraud N&#8230;  |  Elisabeth Daalmann   |  Elfriede Hofste  |   Emmi Markert  |   Erika Visser |   Fenna Pl\u00f6ns  |   Fenna F&#8230; |  Fred van Midden  |  Friedhelm E&#8230;  |    Frieda  Rotter  |  Friederike K&#8230;.  |  Geerd W&#8230;   |  Gerda B&#8230;.  |  Gerda E&#8230;  |  Gerda Zwartscholten  |  Gerlinde Gortmann  |  Gerda B&#8230;  |  Gerrit Spijkerboer  |  Gert Gl\u00fcpker  |  Gertken M&#8230;  |  Gesine W&#8230;  |  Gertrud Sch&#8230;  |   Gesine Veddeler  |  Gerda Ba&#8230;  |  Georg J&#8230;  |   Georg O&#8230;  |  Gisela Bro&#8230;  |  Gisela Brinkmann  |  Gisela G\u00f6vert  |  Gisela Zdralek  |  Gunda Bollmer  |   Gunnar K&#8230;  |  Gunter Aalderink   |  Hannelore Aalderink  |  Hannelore W&#8230;  |  Heinrich Markert  |  Heinrich Stegink  |  Heinz W&#8230;  |   Helene Mertgen   |  Helmut D&#8230;  |   Hermann Markert   |  Hermann Zwartscholten  |  Hilke G\u00f6vert  |  Hindrik B&#8230;  |  Horst Bode  |  Ina K\u00f6klar  |  Iris Seidel  |  Irmgard S&#8230;  |    Jan  SN&#8230;  |  Jan Kruize  |  Janette H&#8230;   |   Janina Vischer  |   Janita H&#8230;   |   Janna Kerkdyk  |  Janna K&#8230;  |  Jenni Vischer  | Jenni G&#8230; |  Jenny Be&#8230; |  Jerom\u00e9 K&#8230;  |   Joachim Gers  |   Joachim U&#8230;  |  Johann Klokkers (+)  |    Johanne Hillen-Landeck   |  Johanne S&#8230;  |   Joke van der Wal   |   J..P&#8230;   |  Jutta Vischer  |Jutta K&#8230;  |   Karin R&#8230;  |  Leida Hinderink   |   Liane Spykman   | Lucas H&#8230;  |   Lydia Altena  |  Manfred B&#8230;   |   Martina Flim  |   Mense van der Wal  |  Peter P&#8230;  |  Ria B&#8230;  |  Roel Visser  |  Rolf Zimmermann  |  Siegfried Engbers  |  Sigrid Kleefmann   |  Susanne D&#8230;   |  Ursula J&#8230;   |   Willy Dieker   <\/p><\/div>\n\n\n\n<div class=\"wp-block-uagb-image uagb-block-0bc4dbe1 wp-block-uagb-image--layout-default wp-block-uagb-image--effect-static wp-block-uagb-image--align-none\"><figure class=\"wp-block-uagb-image__figure\"><img decoding=\"async\" srcset=\"https:\/\/uelsen-nachhaltig.de\/wordpress\/wp-content\/uploads\/2025\/04\/2-1024x133.jpg ,https:\/\/uelsen-nachhaltig.de\/wordpress\/wp-content\/uploads\/2025\/04\/2.jpg 780w, https:\/\/uelsen-nachhaltig.de\/wordpress\/wp-content\/uploads\/2025\/04\/2.jpg 360w\" sizes=\"auto, (max-width: 480px) 150px\" src=\"https:\/\/uelsen-nachhaltig.de\/wordpress\/wp-content\/uploads\/2025\/04\/2-1024x133.jpg\" alt=\"\" class=\"uag-image-3351\" width=\"1152\" height=\"150\" title=\"2\" loading=\"lazy\" role=\"img\"\/><\/figure><\/div>\n\n\n\n<p><\/p>\n<\/div>\n<\/div>\n\n\n\n<div class=\"wp-block-uagb-advanced-heading uagb-block-e71a8d28\"><h6 class=\"uagb-heading-text\"><a href=\"https:\/\/uelsen-nachhaltig.de\/wordpress\/uber-uns\/foerdern\/\" data-type=\"page\" data-id=\"1711\">&lt; Mehr &gt;<\/a><\/h6><\/div>\n<\/div>\n<\/div><\/div>\n\n\n\n<div class=\"wp-block-uagb-container uagb-block-bb029b23 alignfull uagb-is-root-container\"><div class=\"uagb-container-inner-blocks-wrap\">\n<div class=\"wp-block-uagb-container uagb-block-dd7f4dcc\"><\/div>\n\n\n\n<div class=\"wp-block-uagb-container uagb-block-e836f0fe\">\n<div class=\"wp-block-uagb-advanced-heading uagb-block-a09a1197\"><h2 class=\"uagb-heading-text\">\u00dcber den Initiator der Initiative finden sich  <a href=\"https:\/\/uelsen-nachhaltig.de\/wordpress\/ueber-mich\/\" data-type=\"page\" data-id=\"850\">hier<\/a>  ein paar Informationen mehr<\/h2><\/div>\n<\/div>\n<\/div><\/div>\n\n\n\n<p><\/p>\n","protected":false},"excerpt":{"rendered":"<p>Pers\u00f6nlich Hier nun die Akteure und Unterst\u00fctzer der Initiativ-Bewegung vor Ort.Angefangen hat es im November 2020, um gezielt der Wegwerfmentalit\u00e4t [&hellip;]<\/p>\n","protected":false},"author":1,"featured_media":0,"parent":104,"menu_order":4,"comment_status":"open","ping_status":"closed","template":"","meta":{"_uag_custom_page_level_css":"","site-sidebar-layout":"default","site-content-layout":"","ast-site-content-layout":"normal-width-container","site-content-style":"default","site-sidebar-style":"default","ast-global-header-display":"","ast-banner-title-visibility":"","ast-main-header-display":"","ast-hfb-above-header-display":"","ast-hfb-below-header-display":"","ast-hfb-mobile-header-display":"","site-post-title":"disabled","ast-breadcrumbs-content":"","ast-featured-img":"","footer-sml-layout":"","theme-transparent-header-meta":"","adv-header-id-meta":"","stick-header-meta":"","header-above-stick-meta":"","header-main-stick-meta":"","header-below-stick-meta":"","astra-migrate-meta-layouts":"default","ast-page-background-enabled":"default","ast-page-background-meta":{"desktop":{"background-color":"var(--ast-global-color-4)","background-image":"","background-repeat":"repeat","background-position":"center center","background-size":"auto","background-attachment":"scroll","background-type":"","background-media":"","overlay-type":"","overlay-color":"","overlay-opacity":"","overlay-gradient":""},"tablet":{"background-color":"","background-image":"","background-repeat":"repeat","background-position":"center center","background-size":"auto","background-attachment":"scroll","background-type":"","background-media":"","overlay-type":"","overlay-color":"","overlay-opacity":"","overlay-gradient":""},"mobile":{"background-color":"","background-image":"","background-repeat":"repeat","background-position":"center center","background-size":"auto","background-attachment":"scroll","background-type":"","background-media":"","overlay-type":"","overlay-color":"","overlay-opacity":"","overlay-gradient":""}},"ast-content-background-meta":{"desktop":{"background-color":"var(--ast-global-color-5)","background-image":"","background-repeat":"repeat","background-position":"center center","background-size":"auto","background-attachment":"scroll","background-type":"","background-media":"","overlay-type":"","overlay-color":"","overlay-opacity":"","overlay-gradient":""},"tablet":{"background-color":"var(--ast-global-color-5)","background-image":"","background-repeat":"repeat","background-position":"center center","background-size":"auto","background-attachment":"scroll","background-type":"","background-media":"","overlay-type":"","overlay-color":"","overlay-opacity":"","overlay-gradient":""},"mobile":{"background-color":"var(--ast-global-color-5)","background-image":"","background-repeat":"repeat","background-position":"center center","background-size":"auto","background-attachment":"scroll","background-type":"","background-media":"","overlay-type":"","overlay-color":"","overlay-opacity":"","overlay-gradient":""}},"iawp_total_views":169,"footnotes":""},"class_list":["post-350","page","type-page","status-publish","hentry"],"uagb_featured_image_src":{"full":false,"thumbnail":false,"medium":false,"medium_large":false,"large":false,"1536x1536":false,"2048x2048":false},"uagb_author_info":{"display_name":"hermannmarkert","author_link":"https:\/\/uelsen-nachhaltig.de\/wordpress\/author\/hermannmarkert\/"},"uagb_comment_info":0,"uagb_excerpt":"Pers\u00f6nlich Hier nun die Akteure und Unterst\u00fctzer der Initiativ-Bewegung vor Ort.Angefangen hat es im November 2020, um gezielt der Wegwerfmentalit\u00e4t [&hellip;]","_links":{"self":[{"href":"https:\/\/uelsen-nachhaltig.de\/wordpress\/wp-json\/wp\/v2\/pages\/350","targetHints":{"allow":["GET"]}}],"collection":[{"href":"https:\/\/uelsen-nachhaltig.de\/wordpress\/wp-json\/wp\/v2\/pages"}],"about":[{"href":"https:\/\/uelsen-nachhaltig.de\/wordpress\/wp-json\/wp\/v2\/types\/page"}],"author":[{"embeddable":true,"href":"https:\/\/uelsen-nachhaltig.de\/wordpress\/wp-json\/wp\/v2\/users\/1"}],"replies":[{"embeddable":true,"href":"https:\/\/uelsen-nachhaltig.de\/wordpress\/wp-json\/wp\/v2\/comments?post=350"}],"version-history":[{"count":9,"href":"https:\/\/uelsen-nachhaltig.de\/wordpress\/wp-json\/wp\/v2\/pages\/350\/revisions"}],"predecessor-version":[{"id":3373,"href":"https:\/\/uelsen-nachhaltig.de\/wordpress\/wp-json\/wp\/v2\/pages\/350\/revisions\/3373"}],"up":[{"embeddable":true,"href":"https:\/\/uelsen-nachhaltig.de\/wordpress\/wp-json\/wp\/v2\/pages\/104"}],"wp:attachment":[{"href":"https:\/\/uelsen-nachhaltig.de\/wordpress\/wp-json\/wp\/v2\/media?parent=350"}],"curies":[{"name":"wp","href":"https:\/\/api.w.org\/{rel}","templated":true}]}}

Persönlich

<div class="wp-block-uagb-container uagb-block-bfbdb218 alignfull uagb-is-root-container"><div class="uagb-container-inner-blocks-wrap">
<div class="wp-block-uagb-container uagb-block-3f4aa89e">
<div class="wp-block-uagb-advanced-heading uagb-block-b0a7b370"><h2 class="uagb-heading-text">Persönlich</h2><p class="uagb-desc-text">Hier nun die <strong>Akteure und Unterstützer</strong> der Initiativ-Bewegung vor Ort.<br>Angefangen hat es im November 2020, um gezielt der Wegwerfmentalität etwas entgegen zu setzen. <br>Zudem konnten mit den dabei erzielten Spendengeldern diverse Hilfen ermöglicht werden.<br>Möglich wurde alles durch die Einsätze und Zurverfügungstellung von Mitteln durch bisher <strong><mark style="background-color:#c5a2f3" class="has-inline-color">80 Personen</mark></strong>. (Stand Mitte Mai 2025)<br><em><sub>Die Namen sind hier noch nicht vollständig, da einige Zustimmungen zur Veröffentlichung noch fehlen.</sub></em></p></div>



<p></p>
</div>



<div class="wp-block-uagb-container uagb-block-a164a852">
<div class="wp-block-columns is-layout-flex wp-container-core-columns-is-layout-28f84493 wp-block-columns-is-layout-flex">
<div class="wp-block-column is-layout-flow wp-block-column-is-layout-flow" style="flex-basis:100%">
<div class="wp-block-uagb-image uagb-block-b43f7c4a wp-block-uagb-image--layout-default wp-block-uagb-image--effect-static wp-block-uagb-image--align-none"><figure class="wp-block-uagb-image__figure"><img decoding="async"  sizes="auto, (max-width: 480px) 150px" src="https://uelsen-nachhaltig.de/wordpress/wp-content/uploads/2025/04/2.3-Pers_blass-1024x244.jpg" alt="" width="1158" height="276" title="" loading="lazy" role="img"/></figure></div>
</div>
</div>



<div class="wp-block-uagb-container uagb-block-4b4528ee">
<div class="wp-block-uagb-container uagb-block-2bda59c8">
<div class="wp-block-uagb-advanced-heading uagb-block-ae499c8c"><p class="uagb-heading-text">Alfred L&#8230;   |   Alfriede Olthuis  |  Andrè Beniermann   |    Anita H&#8230;   |  Anja Brouwer  |  Anke Terwey  |  Anna Markert  |   Anna R&#8230;  |  Anne B&#8230;  |  Anneke Kruize   |  Annetraud Grünhagen  |  Berta R&#8230;  |  Cees Verharen  |  Cornelia Voet   |  Daniela Roetmann  |  Daniela L&#8230;  |  Edeltraud N&#8230;  |  Elisabeth Daalmann   |  Elfriede Hofste  |   Emmi Markert  |   Erika Visser |   Fenna Plöns  |   Fenna F&#8230; |  Fred van Midden  |  Friedhelm E&#8230;  |    Frieda  Rotter  |  Friederike K&#8230;.  |  Geerd W&#8230;   |  Gerda B&#8230;.  |  Gerda E&#8230;  |  Gerda Zwartscholten  |  Gerlinde Gortmann  |  Gerda B&#8230;  |  Gerrit Spijkerboer  |  Gert Glüpker  |  Gertken M&#8230;  |  Gesine W&#8230;  |  Gertrud Sch&#8230;  |   Gesine Veddeler  |  Gerda Ba&#8230;  |  Georg J&#8230;  |   Georg O&#8230;  |  Gisela Bro&#8230;  |  Gisela Brinkmann  |  Gisela Gövert  |  Gisela Zdralek  |  Gunda Bollmer  |   Gunnar K&#8230;  |  Gunter Aalderink   |  Hannelore Aalderink  |  Hannelore W&#8230;  |  Heinrich Markert  |  Heinrich Stegink  |  Heinz W&#8230;  |   Helene Mertgen   |  Helmut D&#8230;  |   Hermann Markert   |  Hermann Zwartscholten  |  Hilke Gövert  |  Hindrik B&#8230;  |  Horst Bode  |  Ina Köklar  |  Iris Seidel  |  Irmgard S&#8230;  |    Jan  SN&#8230;  |  Jan Kruize  |  Janette H&#8230;   |   Janina Vischer  |   Janita H&#8230;   |   Janna Kerkdyk  |  Janna K&#8230;  |  Jenni Vischer  | Jenni G&#8230; |  Jenny Be&#8230; |  Jeromé K&#8230;  |   Joachim Gers  |   Joachim U&#8230;  |  Johann Klokkers (+)  |    Johanne Hillen-Landeck   |  Johanne S&#8230;  |   Joke van der Wal   |   J..P&#8230;   |  Jutta Vischer  |Jutta K&#8230;  |   Karin R&#8230;  |  Leida Hinderink   |   Liane Spykman   | Lucas H&#8230;  |   Lydia Altena  |  Manfred B&#8230;   |   Martina Flim  |   Mense van der Wal  |  Peter P&#8230;  |  Ria B&#8230;  |  Roel Visser  |  Rolf Zimmermann  |  Siegfried Engbers  |  Sigrid Kleefmann   |  Susanne D&#8230;   |  Ursula J&#8230;   |   Willy Dieker   </p></div>



<div class="wp-block-uagb-image uagb-block-0bc4dbe1 wp-block-uagb-image--layout-default wp-block-uagb-image--effect-static wp-block-uagb-image--align-none"><figure class="wp-block-uagb-image__figure"><img decoding="async" srcset="https://uelsen-nachhaltig.de/wordpress/wp-content/uploads/2025/04/2-1024x133.jpg ,https://uelsen-nachhaltig.de/wordpress/wp-content/uploads/2025/04/2.jpg 780w, https://uelsen-nachhaltig.de/wordpress/wp-content/uploads/2025/04/2.jpg 360w" sizes="auto, (max-width: 480px) 150px" src="https://uelsen-nachhaltig.de/wordpress/wp-content/uploads/2025/04/2-1024x133.jpg" alt="" class="uag-image-3351" width="1152" height="150" title="2" loading="lazy" role="img"/></figure></div>



<p></p>
</div>
</div>



<div class="wp-block-uagb-advanced-heading uagb-block-e71a8d28"><h6 class="uagb-heading-text"><a href="https://uelsen-nachhaltig.de/wordpress/uber-uns/foerdern/" data-type="page" data-id="1711">&lt; Mehr &gt;</a></h6></div>
</div>
</div></div>



<div class="wp-block-uagb-container uagb-block-bb029b23 alignfull uagb-is-root-container"><div class="uagb-container-inner-blocks-wrap">
<div class="wp-block-uagb-container uagb-block-dd7f4dcc"></div>



<div class="wp-block-uagb-container uagb-block-e836f0fe">
<div class="wp-block-uagb-advanced-heading uagb-block-a09a1197"><h2 class="uagb-heading-text">Über den Initiator der Initiative finden sich  <a href="https://uelsen-nachhaltig.de/wordpress/ueber-mich/" data-type="page" data-id="850">hier</a>  ein paar Informationen mehr</h2></div>
</div>
</div></div>



<p></p>

<p>Persönlich Hier nun die Akteure und Unterstützer der Initiativ-Bewegung vor Ort.Angefangen hat es im November 2020, um gezielt der Wegwerfmentalität [&hellip;]</p>

Persönlich Hier nun die Akteure und Unterstützer der Initiativ-Bewegung vor Ort.Angefangen hat es im November 2020, um gezielt der Wegwerfmentalität [&hellip;]
