{"id":3115,"date":"2025-01-14T17:34:14","date_gmt":"2025-01-14T16:34:14","guid":{"rendered":"https:\/\/uelsen-nachhaltig.de\/wordpress\/?page_id=3115"},"modified":"2025-02-25T19:54:55","modified_gmt":"2025-02-25T18:54:55","slug":"echtgut","status":"publish","type":"page","link":"https:\/\/uelsen-nachhaltig.de\/wordpress\/aha\/echtgut\/","title":{"rendered":"echtgut"},"content":{"rendered":"\n<div class=\"wp-block-uagb-container uagb-block-0285759f alignfull uagb-is-root-container\"><div class=\"uagb-container-inner-blocks-wrap\">\n<div class=\"wp-block-uagb-image uagb-block-128c030b wp-block-uagb-image--layout-default wp-block-uagb-image--effect-static wp-block-uagb-image--align-none\"><figure class=\"wp-block-uagb-image__figure\"><img decoding=\"async\" srcset=\"https:\/\/uelsen-nachhaltig.de\/wordpress\/wp-content\/uploads\/2025\/02\/Kopfbild4.jpg ,https:\/\/uelsen-nachhaltig.de\/wordpress\/wp-content\/uploads\/2025\/02\/Kopfbild4.jpg 780w, https:\/\/uelsen-nachhaltig.de\/wordpress\/wp-content\/uploads\/2025\/02\/Kopfbild4.jpg 360w\" sizes=\"auto, (max-width: 480px) 150px\" src=\"https:\/\/uelsen-nachhaltig.de\/wordpress\/wp-content\/uploads\/2025\/02\/Kopfbild4.jpg\" alt=\"\" class=\"uag-image-3230\" width=\"978\" height=\"300\" title=\"Kopfbild4\" loading=\"lazy\" role=\"img\"\/><\/figure><\/div>\n\n\n\n<div class=\"wp-block-uagb-container uagb-block-1da11c4c\">\n<div class=\"wp-block-uagb-advanced-heading uagb-block-a67309ae\"><h2 class=\"uagb-heading-text\">Was ist heute noch echt?<\/h2><\/div>\n\n\n\n<div class=\"wp-block-uagb-advanced-heading uagb-block-c71d2bcf\"><h4 class=\"uagb-heading-text\">Und was ist echt gut, best\u00e4ndig, nach-haltig?<\/h4><\/div>\n<\/div>\n<\/div><\/div>\n\n\n\n<div class=\"wp-block-uagb-container uagb-block-7a33fc10 alignfull uagb-is-root-container\"><div class=\"uagb-container-inner-blocks-wrap\">\n<div class=\"wp-block-uagb-advanced-heading uagb-block-207b3091\"><h3 class=\"uagb-heading-text\">&#8218;Gutes Leben f\u00fcr alle&#8216; &#8211; so die Devise. Wie kommen wir dem konkret n\u00e4her? Von vielen Seiten werden uns &#8218;L\u00f6sungen&#8216; angeboten. Was aber ist davon zu halten?<br>Hier eine Idee. Wir starten mit einem Sammelpool f\u00fcr alles echt Wertvolle. Sowas gibt es ja. Die &#8218;Kunst&#8216; ist nur, aus der Masse an Antworten das Beste herauszufinden. Wahrscheinlich ist es dir schon hier und da gelungen. Und anderen ist es an anderer Stelle gelungen. Lasst uns das Beste zusammentragen.<\/h3><p class=\"uagb-desc-text\"><em>Zun\u00e4chst geht es um die Bildung eines Arbeitskreises, um die beste Vorgehensweise.<\/em> Gleichzeitig kann aber jeder schon gute Beitr\u00e4ge und Tipps zu den einzelnen Rubriken reingeben. Wo und wie? Einfach per Mail an: <strong>echt-3G@t-online.de<\/strong><\/p><\/div>\n<\/div><\/div>\n\n\n\n<div class=\"wp-block-uagb-image uagb-block-1529bb36 wp-block-uagb-image--layout-default wp-block-uagb-image--effect-static wp-block-uagb-image--align-none\"><figure class=\"wp-block-uagb-image__figure\"><img decoding=\"async\" srcset=\"https:\/\/uelsen-nachhaltig.de\/wordpress\/wp-content\/uploads\/2025\/02\/A6-FleyerVorweg-725x1024.jpg ,https:\/\/uelsen-nachhaltig.de\/wordpress\/wp-content\/uploads\/2025\/02\/A6-FleyerVorweg.jpg 780w, https:\/\/uelsen-nachhaltig.de\/wordpress\/wp-content\/uploads\/2025\/02\/A6-FleyerVorweg.jpg 360w\" sizes=\"auto, (max-width: 480px) 150px\" src=\"https:\/\/uelsen-nachhaltig.de\/wordpress\/wp-content\/uploads\/2025\/02\/A6-FleyerVorweg-725x1024.jpg\" alt=\"\" class=\"uag-image-3233\" width=\"1242\" height=\"1716\" title=\"A6 FleyerVorweg\" loading=\"lazy\" role=\"img\"\/><\/figure><\/div>\n\n\n\n<div class=\"wp-block-uagb-container uagb-block-4b5c0e36 alignfull uagb-is-root-container\"><div class=\"uagb-container-inner-blocks-wrap\">\n<div class=\"wp-block-uagb-advanced-heading uagb-block-d9a1f04d\"><p class=\"uagb-desc-text\">Mehr INfos, Anfragen, Ideen, Meldungen, Kontakt &#8230;. bitte \u00fcber Mailadresse: <strong><mark style=\"background-color:#fee4e4\" class=\"has-inline-color\">echt-3G@t-online.de<\/mark><\/strong><\/p><\/div>\n\n\n\n<div class=\"wp-block-uagb-advanced-heading uagb-block-3af2013f\"><\/div>\n\n\n\n<div class=\"wp-block-uagb-advanced-heading uagb-block-9aa8dd1d\"><p class=\"uagb-desc-text\">Vielleicht reizt uns nicht immer das Gute. Begehrenswerter ist es wohl eher dann, wenn wir mit Schlechtes in Ber\u00fchrung kommen. Nennen wir daher doch mal zun\u00e4chst einiges beim Namen. [Und dann suchen wir jenes, was demgegen\u00fcber steht &#8211; positiv versteht sich.]<\/p><\/div>\n\n\n\n<div class=\"wp-block-uagb-advanced-heading uagb-block-902a238d\"><h6 class=\"uagb-heading-text\"><br><strong>A<\/strong>   \u00c4ngste |  Ausgegrenztheit<br><strong>B<\/strong>   Blindheit |  Burnout  |  Belastungen | Bosheit<br><strong>C<\/strong>   Chaos<br><strong>D <\/strong>  Desorientiertheit  |  Depression |  Diebstahl | Dummheit | Druck<br><strong>E <\/strong>  Einsamkeit  |  Entbehrung  |  Eigensinnigkeit  |  Egozentrisch | Enge<br><strong>F <\/strong>  Fake  |  Freudlosigkeit  |  Frust<br><strong>G<\/strong>   Gewalt<br><strong>H<\/strong>   Hochmut  |  Heimatlosigkeit  |  Hilflos<br><strong>I<\/strong>    Ignoranz  |   Intrige<br><strong>J<\/strong>    <br><strong>K<\/strong>   Krankheit     <br><strong>L<\/strong>   Langeweile  |  Lieblosigkeit  |  L\u00fcge | Leid<br><strong>M<\/strong>  Mutlosigkeit<br><strong>N<\/strong>   Narzissmus<br><strong>O<\/strong>   <br><strong>P<\/strong>   Pessimismus<br><strong>Q<\/strong>   Qualen<br><strong>R<\/strong>   Rast- und Ruhelosigkeit   |  Regelversto\u00df<br><strong>S <\/strong>   Selbstzweifel  | Streit  |  Suizidgedanken  |  Spotten<br><strong>T<\/strong>    Traurigkeit  |  Tod<br><strong>U<\/strong>   Ungerechtigkeit  |  Unvers\u00f6hnlichkeit<br><strong>V<\/strong>    Vegetieren  |  Verlust | Verschwendung  | Verlorenheit | Verbitterung<br><strong>W<\/strong>   Wut<br><strong>X<\/strong><br><strong>Y<\/strong><br><strong>Z<\/strong>    Zeit tot schlagen   |  Zweifel  |  Zum heulen<\/h6><\/div>\n<\/div><\/div>\n\n\n\n<div class=\"wp-block-uagb-container uagb-block-78d7c904 alignfull uagb-is-root-container\"><div class=\"uagb-container-inner-blocks-wrap\">\n<div class=\"wp-block-uagb-container uagb-block-7e4fd0fa\">\n<div class=\"wp-block-uagb-advanced-heading uagb-block-5394afd8\"><h3 class=\"uagb-heading-text\">T\u00e4gliche Schlagzeilen; Ungl\u00fccke, Katastrophen, Verbrechen &#8230;<br><br>T\u00e4gliche Themen; Krankheiten, Leiden, \u00c4ngste &#8230;<br><br>T\u00e4gliche Erfahrungen; (?)<br>Stress, \u00dcberforderung &#8230;<br><br>Faktoren, die einem wieder und wieder runterziehen wollen.<br><br>Wie geht es anders??<\/h3><div class=\"uagb-separator\"><\/div><\/div>\n<\/div>\n<\/div><\/div>\n\n\n\n<p><\/p>\n\n\n\n<div class=\"wp-block-uagb-container uagb-block-7383975e alignfull uagb-is-root-container\"><div class=\"uagb-container-inner-blocks-wrap\">\n<div class=\"wp-block-uagb-advanced-heading uagb-block-5a0f33b3\"><h3 class=\"uagb-heading-text\">Ich will Gutes! Bitte mehr davon!<br>Lasst uns solches suchen und finden. Benennen wir es klar. Machst du mit?<br>Gutes von A-Z  &#8230;    <br><em>&#8212; Fortsetzung folgt  &#8211;  bald  &#8212;<\/em><br><\/h3><\/div>\n\n\n\n<p><\/p>\n<\/div><\/div>\n\n\n\n<div class=\"wp-block-uagb-container uagb-block-ced216f9 alignfull uagb-is-root-container\"><div class=\"uagb-container-inner-blocks-wrap\">\n<div class=\"wp-block-uagb-container uagb-block-91eeb4b8\"><\/div>\n\n\n\n<div class=\"wp-block-uagb-container uagb-block-007d9c31\">\n<figure class=\"wp-block-embed is-type-video is-provider-youtube wp-block-embed-youtube wp-embed-aspect-4-3 wp-has-aspect-ratio\"><div class=\"wp-block-embed__wrapper\">\n<div class=\"ast-oembed-container \" style=\"height: 100%;\"><iframe loading=\"lazy\" title=\"Was ist Wahrheit? Die W\u00fcrde des Menschen ist unantastbar! #AMIN\" width=\"500\" height=\"375\" src=\"https:\/\/www.youtube.com\/embed\/HiwMJR1jLRw?feature=oembed\" frameborder=\"0\" allow=\"accelerometer; autoplay; clipboard-write; encrypted-media; gyroscope; picture-in-picture; web-share\" referrerpolicy=\"strict-origin-when-cross-origin\" allowfullscreen><\/iframe><\/div>\n<\/div><\/figure>\n<\/div>\n\n\n\n<div class=\"wp-block-uagb-container uagb-block-06efd4a2\"><\/div>\n<\/div><\/div>\n","protected":false},"excerpt":{"rendered":"<p>Was ist heute noch echt? Und was ist echt gut, best\u00e4ndig, nach-haltig? &#8218;Gutes Leben f\u00fcr alle&#8216; &#8211; so die Devise. [&hellip;]<\/p>\n","protected":false},"author":1,"featured_media":0,"parent":274,"menu_order":3,"comment_status":"open","ping_status":"closed","template":"","meta":{"_uag_custom_page_level_css":"","site-sidebar-layout":"default","site-content-layout":"","ast-site-content-layout":"","site-content-style":"default","site-sidebar-style":"default","ast-global-header-display":"","ast-banner-title-visibility":"","ast-main-header-display":"","ast-hfb-above-header-display":"","ast-hfb-below-header-display":"","ast-hfb-mobile-header-display":"","site-post-title":"disabled","ast-breadcrumbs-content":"","ast-featured-img":"","footer-sml-layout":"","theme-transparent-header-meta":"","adv-header-id-meta":"","stick-header-meta":"","header-above-stick-meta":"","header-main-stick-meta":"","header-below-stick-meta":"","astra-migrate-meta-layouts":"default","ast-page-background-enabled":"default","ast-page-background-meta":{"desktop":{"background-color":"var(--ast-global-color-4)","background-image":"","background-repeat":"repeat","background-position":"center center","background-size":"auto","background-attachment":"scroll","background-type":"","background-media":"","overlay-type":"","overlay-color":"","overlay-opacity":"","overlay-gradient":""},"tablet":{"background-color":"","background-image":"","background-repeat":"repeat","background-position":"center center","background-size":"auto","background-attachment":"scroll","background-type":"","background-media":"","overlay-type":"","overlay-color":"","overlay-opacity":"","overlay-gradient":""},"mobile":{"background-color":"","background-image":"","background-repeat":"repeat","background-position":"center center","background-size":"auto","background-attachment":"scroll","background-type":"","background-media":"","overlay-type":"","overlay-color":"","overlay-opacity":"","overlay-gradient":""}},"ast-content-background-meta":{"desktop":{"background-color":"var(--ast-global-color-5)","background-image":"","background-repeat":"repeat","background-position":"center center","background-size":"auto","background-attachment":"scroll","background-type":"","background-media":"","overlay-type":"","overlay-color":"","overlay-opacity":"","overlay-gradient":""},"tablet":{"background-color":"var(--ast-global-color-5)","background-image":"","background-repeat":"repeat","background-position":"center center","background-size":"auto","background-attachment":"scroll","background-type":"","background-media":"","overlay-type":"","overlay-color":"","overlay-opacity":"","overlay-gradient":""},"mobile":{"background-color":"var(--ast-global-color-5)","background-image":"","background-repeat":"repeat","background-position":"center center","background-size":"auto","background-attachment":"scroll","background-type":"","background-media":"","overlay-type":"","overlay-color":"","overlay-opacity":"","overlay-gradient":""}},"iawp_total_views":48,"footnotes":""},"class_list":["post-3115","page","type-page","status-publish","hentry"],"uagb_featured_image_src":{"full":false,"thumbnail":false,"medium":false,"medium_large":false,"large":false,"1536x1536":false,"2048x2048":false},"uagb_author_info":{"display_name":"hermannmarkert","author_link":"https:\/\/uelsen-nachhaltig.de\/wordpress\/author\/hermannmarkert\/"},"uagb_comment_info":0,"uagb_excerpt":"Was ist heute noch echt? Und was ist echt gut, best\u00e4ndig, nach-haltig? &#8218;Gutes Leben f\u00fcr alle&#8216; &#8211; so die Devise. [&hellip;]","_links":{"self":[{"href":"https:\/\/uelsen-nachhaltig.de\/wordpress\/wp-json\/wp\/v2\/pages\/3115","targetHints":{"allow":["GET"]}}],"collection":[{"href":"https:\/\/uelsen-nachhaltig.de\/wordpress\/wp-json\/wp\/v2\/pages"}],"about":[{"href":"https:\/\/uelsen-nachhaltig.de\/wordpress\/wp-json\/wp\/v2\/types\/page"}],"author":[{"embeddable":true,"href":"https:\/\/uelsen-nachhaltig.de\/wordpress\/wp-json\/wp\/v2\/users\/1"}],"replies":[{"embeddable":true,"href":"https:\/\/uelsen-nachhaltig.de\/wordpress\/wp-json\/wp\/v2\/comments?post=3115"}],"version-history":[{"count":10,"href":"https:\/\/uelsen-nachhaltig.de\/wordpress\/wp-json\/wp\/v2\/pages\/3115\/revisions"}],"predecessor-version":[{"id":3289,"href":"https:\/\/uelsen-nachhaltig.de\/wordpress\/wp-json\/wp\/v2\/pages\/3115\/revisions\/3289"}],"up":[{"embeddable":true,"href":"https:\/\/uelsen-nachhaltig.de\/wordpress\/wp-json\/wp\/v2\/pages\/274"}],"wp:attachment":[{"href":"https:\/\/uelsen-nachhaltig.de\/wordpress\/wp-json\/wp\/v2\/media?parent=3115"}],"curies":[{"name":"wp","href":"https:\/\/api.w.org\/{rel}","templated":true}]}}

<div class="wp-block-uagb-container uagb-block-0285759f alignfull uagb-is-root-container"><div class="uagb-container-inner-blocks-wrap">
<div class="wp-block-uagb-image uagb-block-128c030b wp-block-uagb-image--layout-default wp-block-uagb-image--effect-static wp-block-uagb-image--align-none"><figure class="wp-block-uagb-image__figure"><img decoding="async" srcset="https://uelsen-nachhaltig.de/wordpress/wp-content/uploads/2025/02/Kopfbild4.jpg ,https://uelsen-nachhaltig.de/wordpress/wp-content/uploads/2025/02/Kopfbild4.jpg 780w, https://uelsen-nachhaltig.de/wordpress/wp-content/uploads/2025/02/Kopfbild4.jpg 360w" sizes="auto, (max-width: 480px) 150px" src="https://uelsen-nachhaltig.de/wordpress/wp-content/uploads/2025/02/Kopfbild4.jpg" alt="" class="uag-image-3230" width="978" height="300" title="Kopfbild4" loading="lazy" role="img"/></figure></div>



<div class="wp-block-uagb-container uagb-block-1da11c4c">
<div class="wp-block-uagb-advanced-heading uagb-block-a67309ae"><h2 class="uagb-heading-text">Was ist heute noch echt?</h2></div>



<div class="wp-block-uagb-advanced-heading uagb-block-c71d2bcf"><h4 class="uagb-heading-text">Und was ist echt gut, beständig, nach-haltig?</h4></div>
</div>
</div></div>



<div class="wp-block-uagb-container uagb-block-7a33fc10 alignfull uagb-is-root-container"><div class="uagb-container-inner-blocks-wrap">
<div class="wp-block-uagb-advanced-heading uagb-block-207b3091"><h3 class="uagb-heading-text">&#8218;Gutes Leben für alle&#8216; &#8211; so die Devise. Wie kommen wir dem konkret näher? Von vielen Seiten werden uns &#8218;Lösungen&#8216; angeboten. Was aber ist davon zu halten?<br>Hier eine Idee. Wir starten mit einem Sammelpool für alles echt Wertvolle. Sowas gibt es ja. Die &#8218;Kunst&#8216; ist nur, aus der Masse an Antworten das Beste herauszufinden. Wahrscheinlich ist es dir schon hier und da gelungen. Und anderen ist es an anderer Stelle gelungen. Lasst uns das Beste zusammentragen.</h3><p class="uagb-desc-text"><em>Zunächst geht es um die Bildung eines Arbeitskreises, um die beste Vorgehensweise.</em> Gleichzeitig kann aber jeder schon gute Beiträge und Tipps zu den einzelnen Rubriken reingeben. Wo und wie? Einfach per Mail an: <strong>echt-3G@t-online.de</strong></p></div>
</div></div>



<div class="wp-block-uagb-image uagb-block-1529bb36 wp-block-uagb-image--layout-default wp-block-uagb-image--effect-static wp-block-uagb-image--align-none"><figure class="wp-block-uagb-image__figure"><img decoding="async" srcset="https://uelsen-nachhaltig.de/wordpress/wp-content/uploads/2025/02/A6-FleyerVorweg-725x1024.jpg ,https://uelsen-nachhaltig.de/wordpress/wp-content/uploads/2025/02/A6-FleyerVorweg.jpg 780w, https://uelsen-nachhaltig.de/wordpress/wp-content/uploads/2025/02/A6-FleyerVorweg.jpg 360w" sizes="auto, (max-width: 480px) 150px" src="https://uelsen-nachhaltig.de/wordpress/wp-content/uploads/2025/02/A6-FleyerVorweg-725x1024.jpg" alt="" class="uag-image-3233" width="1242" height="1716" title="A6 FleyerVorweg" loading="lazy" role="img"/></figure></div>



<div class="wp-block-uagb-container uagb-block-4b5c0e36 alignfull uagb-is-root-container"><div class="uagb-container-inner-blocks-wrap">
<div class="wp-block-uagb-advanced-heading uagb-block-d9a1f04d"><p class="uagb-desc-text">Mehr INfos, Anfragen, Ideen, Meldungen, Kontakt &#8230;. bitte über Mailadresse: <strong><mark style="background-color:#fee4e4" class="has-inline-color">echt-3G@t-online.de</mark></strong></p></div>



<div class="wp-block-uagb-advanced-heading uagb-block-3af2013f"></div>



<div class="wp-block-uagb-advanced-heading uagb-block-9aa8dd1d"><p class="uagb-desc-text">Vielleicht reizt uns nicht immer das Gute. Begehrenswerter ist es wohl eher dann, wenn wir mit Schlechtes in Berührung kommen. Nennen wir daher doch mal zunächst einiges beim Namen. [Und dann suchen wir jenes, was demgegenüber steht &#8211; positiv versteht sich.]</p></div>



<div class="wp-block-uagb-advanced-heading uagb-block-902a238d"><h6 class="uagb-heading-text"><br><strong>A</strong>   Ängste |  Ausgegrenztheit<br><strong>B</strong>   Blindheit |  Burnout  |  Belastungen | Bosheit<br><strong>C</strong>   Chaos<br><strong>D </strong>  Desorientiertheit  |  Depression |  Diebstahl | Dummheit | Druck<br><strong>E </strong>  Einsamkeit  |  Entbehrung  |  Eigensinnigkeit  |  Egozentrisch | Enge<br><strong>F </strong>  Fake  |  Freudlosigkeit  |  Frust<br><strong>G</strong>   Gewalt<br><strong>H</strong>   Hochmut  |  Heimatlosigkeit  |  Hilflos<br><strong>I</strong>    Ignoranz  |   Intrige<br><strong>J</strong>    <br><strong>K</strong>   Krankheit     <br><strong>L</strong>   Langeweile  |  Lieblosigkeit  |  Lüge | Leid<br><strong>M</strong>  Mutlosigkeit<br><strong>N</strong>   Narzissmus<br><strong>O</strong>   <br><strong>P</strong>   Pessimismus<br><strong>Q</strong>   Qualen<br><strong>R</strong>   Rast- und Ruhelosigkeit   |  Regelverstoß<br><strong>S </strong>   Selbstzweifel  | Streit  |  Suizidgedanken  |  Spotten<br><strong>T</strong>    Traurigkeit  |  Tod<br><strong>U</strong>   Ungerechtigkeit  |  Unversöhnlichkeit<br><strong>V</strong>    Vegetieren  |  Verlust | Verschwendung  | Verlorenheit | Verbitterung<br><strong>W</strong>   Wut<br><strong>X</strong><br><strong>Y</strong><br><strong>Z</strong>    Zeit tot schlagen   |  Zweifel  |  Zum heulen</h6></div>
</div></div>



<div class="wp-block-uagb-container uagb-block-78d7c904 alignfull uagb-is-root-container"><div class="uagb-container-inner-blocks-wrap">
<div class="wp-block-uagb-container uagb-block-7e4fd0fa">
<div class="wp-block-uagb-advanced-heading uagb-block-5394afd8"><h3 class="uagb-heading-text">Tägliche Schlagzeilen; Unglücke, Katastrophen, Verbrechen &#8230;<br><br>Tägliche Themen; Krankheiten, Leiden, Ängste &#8230;<br><br>Tägliche Erfahrungen; (?)<br>Stress, Überforderung &#8230;<br><br>Faktoren, die einem wieder und wieder runterziehen wollen.<br><br>Wie geht es anders??</h3><div class="uagb-separator"></div></div>
</div>
</div></div>



<p></p>



<div class="wp-block-uagb-container uagb-block-7383975e alignfull uagb-is-root-container"><div class="uagb-container-inner-blocks-wrap">
<div class="wp-block-uagb-advanced-heading uagb-block-5a0f33b3"><h3 class="uagb-heading-text">Ich will Gutes! Bitte mehr davon!<br>Lasst uns solches suchen und finden. Benennen wir es klar. Machst du mit?<br>Gutes von A-Z  &#8230;    <br><em>&#8212; Fortsetzung folgt  &#8211;  bald  &#8212;</em><br></h3></div>



<p></p>
</div></div>



<div class="wp-block-uagb-container uagb-block-ced216f9 alignfull uagb-is-root-container"><div class="uagb-container-inner-blocks-wrap">
<div class="wp-block-uagb-container uagb-block-91eeb4b8"></div>



<div class="wp-block-uagb-container uagb-block-007d9c31">
<figure class="wp-block-embed is-type-video is-provider-youtube wp-block-embed-youtube wp-embed-aspect-4-3 wp-has-aspect-ratio"><div class="wp-block-embed__wrapper">
<div class="ast-oembed-container " style="height: 100%;"><iframe loading="lazy" title="Was ist Wahrheit? Die Würde des Menschen ist unantastbar! #AMIN" width="500" height="375" src="https://www.youtube.com/embed/HiwMJR1jLRw?feature=oembed" frameborder="0" allow="accelerometer; autoplay; clipboard-write; encrypted-media; gyroscope; picture-in-picture; web-share" referrerpolicy="strict-origin-when-cross-origin" allowfullscreen></iframe></div>
</div></figure>
</div>



<div class="wp-block-uagb-container uagb-block-06efd4a2"></div>
</div></div>

<p>Was ist heute noch echt? Und was ist echt gut, beständig, nach-haltig? &#8218;Gutes Leben für alle&#8216; &#8211; so die Devise. [&hellip;]</p>

Was ist heute noch echt? Und was ist echt gut, beständig, nach-haltig? &#8218;Gutes Leben für alle&#8216; &#8211; so die Devise. [&hellip;]
