{"id":3030,"date":"2025-01-02T21:58:16","date_gmt":"2025-01-02T20:58:16","guid":{"rendered":"https:\/\/uelsen-nachhaltig.de\/wordpress\/?page_id=3030"},"modified":"2025-03-24T22:21:27","modified_gmt":"2025-03-24T21:21:27","slug":"nothilfe-einsatzunterstuetzungen","status":"publish","type":"page","link":"https:\/\/uelsen-nachhaltig.de\/wordpress\/projekte\/fazit-2\/nothilfe-einsatzunterstuetzungen\/","title":{"rendered":"Nothilfe &#8211; Einsatzunterst\u00fctzungen"},"content":{"rendered":"\n<div class=\"wp-block-uagb-container uagb-block-1ac6db7b alignfull uagb-is-root-container\"><div class=\"uagb-container-inner-blocks-wrap\">\n<div class=\"wp-block-uagb-advanced-heading uagb-block-5d8f024d\"><h1 class=\"uagb-heading-text\">Nothilfe &#8211; Einsatz-Unterst\u00fctzungen<\/h1><\/div>\n\n\n\n<div class=\"wp-block-uagb-advanced-heading uagb-block-a3fc5292\"><h4 class=\"uagb-heading-text\"># Ausgabenressort 1 #<\/h4><\/div>\n<\/div><\/div>\n\n\n\n<div class=\"wp-block-uagb-image uagb-block-3c7e9c04 wp-block-uagb-image--layout-default wp-block-uagb-image--effect-static wp-block-uagb-image--align-none\"><figure class=\"wp-block-uagb-image__figure\"><img decoding=\"async\" srcset=\"https:\/\/uelsen-nachhaltig.de\/wordpress\/wp-content\/uploads\/2025\/01\/kinderaugen-sambia-48c13e8f-fe60-4218-9714-e0b70ce7b70a-1024x683.jpg ,https:\/\/uelsen-nachhaltig.de\/wordpress\/wp-content\/uploads\/2025\/01\/kinderaugen-sambia-48c13e8f-fe60-4218-9714-e0b70ce7b70a.jpg 780w, https:\/\/uelsen-nachhaltig.de\/wordpress\/wp-content\/uploads\/2025\/01\/kinderaugen-sambia-48c13e8f-fe60-4218-9714-e0b70ce7b70a.jpg 360w\" sizes=\"auto, (max-width: 480px) 150px\" src=\"https:\/\/uelsen-nachhaltig.de\/wordpress\/wp-content\/uploads\/2025\/01\/kinderaugen-sambia-48c13e8f-fe60-4218-9714-e0b70ce7b70a-1024x683.jpg\" alt=\"\" class=\"uag-image-3031\" width=\"475\" height=\"317\" title=\"kinderaugen-sambia-48c13e8f-fe60-4218-9714-e0b70ce7b70a\" loading=\"lazy\" role=\"img\"\/><\/figure><\/div>\n\n\n\n<div class=\"wp-block-uagb-container uagb-block-8d1a609c alignfull uagb-is-root-container\"><div class=\"uagb-container-inner-blocks-wrap\">\n<div class=\"wp-block-uagb-advanced-heading uagb-block-29a6b794\"><h4 class=\"uagb-heading-text\">Wo die Not am gr\u00f6\u00dften, wo Hilfe unmittelbar und auch nachhaltig Wirkung verspricht, dort sollen unsere Mittel Verwendung finden.<br>An Geld mangelt es ja an sooo vielen Stellen. Daher f\u00e4llt die Entscheidung nicht leicht, wen wir unterst\u00fctzen sollen. In unserem Umfeld (Deutschland) werden oftmals angemessene Hilfeleistungen in Notlagen gegeben, jedenfalls wesentlich besser als im Vergleich zu deutlich \u00e4rmeren Regionen. Daher blicken wir weiter und helfen dort, wo die Lebensverh\u00e4ltnisse dringlichst einer Verbesserung bed\u00fcrfen. Somit werden auch die Chancen gr\u00f6\u00dfer, Fluchtursachen zu mindern.<\/h4><\/div>\n\n\n\n<div class=\"wp-block-uagb-container uagb-block-345163fe\">\n<div class=\"wp-block-uagb-image uagb-block-d1c7a8fc wp-block-uagb-image--layout-default wp-block-uagb-image--effect-static wp-block-uagb-image--align-none\"><figure class=\"wp-block-uagb-image__figure\"><img decoding=\"async\" srcset=\"https:\/\/uelsen-nachhaltig.de\/wordpress\/wp-content\/uploads\/2025\/01\/24.jpg ,https:\/\/uelsen-nachhaltig.de\/wordpress\/wp-content\/uploads\/2025\/01\/24.jpg 780w, https:\/\/uelsen-nachhaltig.de\/wordpress\/wp-content\/uploads\/2025\/01\/24.jpg 360w\" sizes=\"auto, (max-width: 480px) 150px\" src=\"https:\/\/uelsen-nachhaltig.de\/wordpress\/wp-content\/uploads\/2025\/01\/24.jpg\" alt=\"\" class=\"uag-image-3034\" width=\"870\" height=\"597\" title=\"24\" loading=\"lazy\" role=\"img\"\/><\/figure><\/div>\n<\/div>\n\n\n\n<div class=\"wp-block-uagb-advanced-heading uagb-block-a4286bc8\"><h3 class=\"uagb-heading-text\"># Wasserversorgung unter Niveau #<br><br><br>Was k\u00f6nnen wir tun? Wenn auch verh\u00e4ltnism\u00e4\u00dfig &#8217;nur&#8216; geringe Mittel von uns ausgehen, wer sagt denn, dass sie keine nachhaltige Wirkung h\u00e4tten?<br><br>Angesichts der immensen Notlagen kann man allerdings leicht defensiv werden, doch es gilt auch dies:<br><br><strong><mark style=\"background-color:rgba(0, 0, 0, 0);color:#870319\" class=\"has-inline-color\">\u201eWir k\u00f6nnen zwar nicht die Welt retten, aber die Welt eines Kindes schon!\u201c<\/mark><\/strong><\/h3><\/div>\n\n\n\n<div class=\"wp-block-uagb-image uagb-block-2614d2c0 wp-block-uagb-image--layout-default wp-block-uagb-image--effect-static wp-block-uagb-image--align-none\"><figure class=\"wp-block-uagb-image__figure\"><img decoding=\"async\" srcset=\"https:\/\/uelsen-nachhaltig.de\/wordpress\/wp-content\/uploads\/2025\/01\/Kinderarbeit.webp ,https:\/\/uelsen-nachhaltig.de\/wordpress\/wp-content\/uploads\/2025\/01\/Kinderarbeit.webp 780w, https:\/\/uelsen-nachhaltig.de\/wordpress\/wp-content\/uploads\/2025\/01\/Kinderarbeit.webp 360w\" sizes=\"auto, (max-width: 480px) 150px\" src=\"https:\/\/uelsen-nachhaltig.de\/wordpress\/wp-content\/uploads\/2025\/01\/Kinderarbeit.webp\" alt=\"\" class=\"uag-image-3140\" width=\"420\" height=\"253\" title=\"Kinderarbeit\" loading=\"lazy\" role=\"img\"\/><\/figure><\/div>\n\n\n\n<p class=\"has-medium-font-size\"><br><mark style=\"background-color:rgba(0, 0, 0, 0)\" class=\"has-inline-color has-ast-global-color-0-color\"><strong>Zur Erreichung der Hilfe vor Ort bedienen wir uns renommierter Organisationen. <br>Bisher unterst\u00fctzten wir nachfolgend aufgef\u00fchrte Einrichtungen:<\/strong><\/mark><\/p>\n<\/div><\/div>\n\n\n\n<div class=\"wp-block-uagb-container uagb-block-52282486 alignfull uagb-is-root-container\"><div class=\"uagb-container-inner-blocks-wrap\">\n<div class=\"wp-block-uagb-container uagb-block-5b6a23ec\">\n<div class=\"wp-block-uagb-image uagb-block-2ee5d8d0 wp-block-uagb-image--layout-default wp-block-uagb-image--effect-static wp-block-uagb-image--align-none\"><figure class=\"wp-block-uagb-image__figure\"><img decoding=\"async\" srcset=\"https:\/\/uelsen-nachhaltig.de\/wordpress\/wp-content\/uploads\/2025\/01\/Colorfulsteps.jpg ,https:\/\/uelsen-nachhaltig.de\/wordpress\/wp-content\/uploads\/2025\/01\/Colorfulsteps.jpg 780w, https:\/\/uelsen-nachhaltig.de\/wordpress\/wp-content\/uploads\/2025\/01\/Colorfulsteps.jpg 360w\" sizes=\"auto, (max-width: 480px) 150px\" src=\"https:\/\/uelsen-nachhaltig.de\/wordpress\/wp-content\/uploads\/2025\/01\/Colorfulsteps.jpg\" alt=\"\" class=\"uag-image-3032\" width=\"243\" height=\"203\" title=\"Colorfulsteps\" loading=\"lazy\" role=\"img\"\/><\/figure><\/div>\n<\/div>\n\n\n\n<div class=\"wp-block-uagb-container uagb-block-a6547d97\">\n<div class=\"wp-block-uagb-advanced-heading uagb-block-1e067221\"><h2 class=\"uagb-heading-text\">F\u00f6rderung von Waisenkindern (Heimunterst\u00fctzung) u. \u00e4rtzl. Dienste &#8211; Vereinssitz Uelsen<br><a href=\"https:\/\/www.colorfulstepstanzania.de\/\">www.colorfulstepstanzania.de<\/a><\/h2><\/div>\n<\/div>\n<\/div><\/div>\n\n\n\n<p><\/p>\n\n\n\n<div class=\"wp-block-uagb-container uagb-block-42133ba2 alignfull uagb-is-root-container\"><div class=\"uagb-container-inner-blocks-wrap\">\n<div class=\"wp-block-uagb-container uagb-block-9cf198a2\">\n<div class=\"wp-block-uagb-image uagb-block-98be517c wp-block-uagb-image--layout-default wp-block-uagb-image--effect-static wp-block-uagb-image--align-none\"><figure class=\"wp-block-uagb-image__figure\"><img decoding=\"async\" srcset=\"https:\/\/uelsen-nachhaltig.de\/wordpress\/wp-content\/uploads\/2025\/01\/Christoffel-Blindenmission.jpg ,https:\/\/uelsen-nachhaltig.de\/wordpress\/wp-content\/uploads\/2025\/01\/Christoffel-Blindenmission.jpg 780w, https:\/\/uelsen-nachhaltig.de\/wordpress\/wp-content\/uploads\/2025\/01\/Christoffel-Blindenmission.jpg 360w\" sizes=\"auto, (max-width: 480px) 150px\" src=\"https:\/\/uelsen-nachhaltig.de\/wordpress\/wp-content\/uploads\/2025\/01\/Christoffel-Blindenmission.jpg\" alt=\"\" class=\"uag-image-3145\" width=\"245\" height=\"178\" title=\"Christoffel Blindenmission\" loading=\"lazy\" role=\"img\"\/><\/figure><\/div>\n<\/div>\n\n\n\n<div class=\"wp-block-uagb-container uagb-block-2cdcd029\">\n<div class=\"wp-block-uagb-advanced-heading uagb-block-f4ade3e2\"><h2 class=\"uagb-heading-text\">Behinderung durch Erblindung vermeiden und Benachteiligte praktisch helfen &#8230;<br><a href=\"https:\/\/www.colorfulstepstanzania.de\/\">www.cbm.de<\/a><\/h2><\/div>\n<\/div>\n<\/div><\/div>\n\n\n\n<p><\/p>\n\n\n\n<div class=\"wp-block-uagb-container uagb-block-812b5ae7 alignfull uagb-is-root-container\"><div class=\"uagb-container-inner-blocks-wrap\">\n<div class=\"wp-block-uagb-container uagb-block-bca56d4d\">\n<div class=\"wp-block-uagb-image uagb-block-e6187c85 wp-block-uagb-image--layout-default wp-block-uagb-image--effect-static wp-block-uagb-image--align-none\"><figure class=\"wp-block-uagb-image__figure\"><img decoding=\"async\" srcset=\"https:\/\/uelsen-nachhaltig.de\/wordpress\/wp-content\/uploads\/2025\/01\/Compassion.jpg ,https:\/\/uelsen-nachhaltig.de\/wordpress\/wp-content\/uploads\/2025\/01\/Compassion.jpg 780w, https:\/\/uelsen-nachhaltig.de\/wordpress\/wp-content\/uploads\/2025\/01\/Compassion.jpg 360w\" sizes=\"auto, (max-width: 480px) 150px\" src=\"https:\/\/uelsen-nachhaltig.de\/wordpress\/wp-content\/uploads\/2025\/01\/Compassion.jpg\" alt=\"\" class=\"uag-image-3146\" width=\"237\" height=\"137\" title=\"Compassion\" loading=\"lazy\" role=\"img\"\/><\/figure><\/div>\n<\/div>\n\n\n\n<div class=\"wp-block-uagb-container uagb-block-fd8ce0bf\">\n<div class=\"wp-block-uagb-advanced-heading uagb-block-e184477c\"><h2 class=\"uagb-heading-text\">Kinder aus Armut befreien durch Patenschaften &#8211; Bildung, Wertevermittlung &#8230;<br><a href=\"https:\/\/www.compassion.de\/\" target=\"_blank\" rel=\"noreferrer noopener\">www.compassion.de<\/a><\/h2><\/div>\n<\/div>\n<\/div><\/div>\n\n\n\n<p><\/p>\n\n\n\n<div class=\"wp-block-uagb-container uagb-block-a4773b00 alignfull uagb-is-root-container\"><div class=\"uagb-container-inner-blocks-wrap\">\n<div class=\"wp-block-uagb-container uagb-block-5bc89005\">\n<div class=\"wp-block-uagb-image uagb-block-23e3b689 wp-block-uagb-image--layout-default wp-block-uagb-image--effect-static wp-block-uagb-image--align-none\"><figure class=\"wp-block-uagb-image__figure\"><img decoding=\"async\" srcset=\"https:\/\/uelsen-nachhaltig.de\/wordpress\/wp-content\/uploads\/2025\/01\/Ein-neuer-Tag-beginnt.jpg ,https:\/\/uelsen-nachhaltig.de\/wordpress\/wp-content\/uploads\/2025\/01\/Ein-neuer-Tag-beginnt.jpg 780w, https:\/\/uelsen-nachhaltig.de\/wordpress\/wp-content\/uploads\/2025\/01\/Ein-neuer-Tag-beginnt.jpg 360w\" sizes=\"auto, (max-width: 480px) 150px\" src=\"https:\/\/uelsen-nachhaltig.de\/wordpress\/wp-content\/uploads\/2025\/01\/Ein-neuer-Tag-beginnt.jpg\" alt=\"\" class=\"uag-image-3147\" width=\"348\" height=\"79\" title=\"Ein neuer Tag beginnt\" loading=\"lazy\" role=\"img\"\/><\/figure><\/div>\n<\/div>\n\n\n\n<div class=\"wp-block-uagb-container uagb-block-7fd7177d\">\n<div class=\"wp-block-uagb-advanced-heading uagb-block-76eb14b9\"><h2 class=\"uagb-heading-text\">Hilft schwerkranke Jugendliche aus Isolation und Ausgrenzung vorwiegend durch (gemeinsames) musizieren [Sitz der Initiative: Nordhorn]<\/h2><\/div>\n\n\n\n<p><br><a href=\"https:\/\/www.einneuertagbeginnt.de\/\" target=\"_blank\" rel=\"noreferrer noopener\">www.einneuertagbeginnt.de<\/a><\/p>\n<\/div>\n<\/div><\/div>\n\n\n\n<div class=\"wp-block-uagb-container uagb-block-dcaeee82 alignfull uagb-is-root-container\"><div class=\"uagb-container-inner-blocks-wrap\">\n<div class=\"wp-block-uagb-container uagb-block-3952a27c\">\n<div class=\"wp-block-uagb-image uagb-block-e02bd34c wp-block-uagb-image--layout-default wp-block-uagb-image--effect-static wp-block-uagb-image--align-none\"><figure class=\"wp-block-uagb-image__figure\"><img decoding=\"async\" srcset=\"https:\/\/uelsen-nachhaltig.de\/wordpress\/wp-content\/uploads\/2025\/01\/Esters-Ministries.jpg ,https:\/\/uelsen-nachhaltig.de\/wordpress\/wp-content\/uploads\/2025\/01\/Esters-Ministries.jpg 780w, https:\/\/uelsen-nachhaltig.de\/wordpress\/wp-content\/uploads\/2025\/01\/Esters-Ministries.jpg 360w\" sizes=\"auto, (max-width: 480px) 150px\" src=\"https:\/\/uelsen-nachhaltig.de\/wordpress\/wp-content\/uploads\/2025\/01\/Esters-Ministries.jpg\" alt=\"\" class=\"uag-image-3148\" width=\"163\" height=\"156\" title=\"Esters Ministries\" loading=\"lazy\" role=\"img\"\/><\/figure><\/div>\n<\/div>\n\n\n\n<div class=\"wp-block-uagb-container uagb-block-9a8aa891\">\n<div class=\"wp-block-uagb-advanced-heading uagb-block-bc667d68\"><h2 class=\"uagb-heading-text\">Hilft M\u00e4dchen\/Frauen aus versklavten Beziehungen (der Prostitution) durch Aufkl\u00e4rung, Begleitung und Erm\u00f6glichung eines Neustarts im Leben<br><a href=\"https:\/\/www.compassion.de\/\" target=\"_blank\" rel=\"noreferrer noopener\">www. <\/a><a href=\"https:\/\/www.esthers-ministries.de\/\" target=\"_blank\" rel=\"noreferrer noopener\">esthers-ministries<\/a><a href=\"https:\/\/www.compassion.de\/\" target=\"_blank\" rel=\"noreferrer noopener\">.de<\/a><\/h2><\/div>\n<\/div>\n<\/div><\/div>\n\n\n\n<p><\/p>\n\n\n\n<div class=\"wp-block-uagb-container uagb-block-7da4113e alignfull uagb-is-root-container\"><div class=\"uagb-container-inner-blocks-wrap\">\n<div class=\"wp-block-uagb-container uagb-block-687dcf15\">\n<div class=\"wp-block-uagb-image uagb-block-45db8e50 wp-block-uagb-image--layout-default wp-block-uagb-image--effect-static wp-block-uagb-image--align-none\"><figure class=\"wp-block-uagb-image__figure\"><img decoding=\"async\" srcset=\"https:\/\/uelsen-nachhaltig.de\/wordpress\/wp-content\/uploads\/2025\/01\/Kindernothilfe.jpg ,https:\/\/uelsen-nachhaltig.de\/wordpress\/wp-content\/uploads\/2025\/01\/Kindernothilfe.jpg 780w, https:\/\/uelsen-nachhaltig.de\/wordpress\/wp-content\/uploads\/2025\/01\/Kindernothilfe.jpg 360w\" sizes=\"auto, (max-width: 480px) 150px\" src=\"https:\/\/uelsen-nachhaltig.de\/wordpress\/wp-content\/uploads\/2025\/01\/Kindernothilfe.jpg\" alt=\"\" class=\"uag-image-3149\" width=\"243\" height=\"203\" title=\"Kindernothilfe\" loading=\"lazy\" role=\"img\"\/><\/figure><\/div>\n<\/div>\n\n\n\n<div class=\"wp-block-uagb-container uagb-block-40837f41\">\n<div class=\"wp-block-uagb-advanced-heading uagb-block-9b0eece9\"><h2 class=\"uagb-heading-text\">Breite Unterst\u00fctzung f\u00fcr Kinder in Not durch Projektarbeit, Kinderpatenschaften &#8230;   <br><br><a href=\"https:\/\/www.kindernothilfe.de\/\" target=\"_blank\" rel=\"noreferrer noopener\">www.kindernothilfe.de<\/a><\/h2><\/div>\n<\/div>\n<\/div><\/div>\n\n\n\n<p><\/p>\n\n\n\n<div class=\"wp-block-uagb-container uagb-block-66510dbc alignfull uagb-is-root-container\"><div class=\"uagb-container-inner-blocks-wrap\">\n<div class=\"wp-block-uagb-container uagb-block-50e1477a\">\n<div class=\"wp-block-uagb-image uagb-block-bb70ae0f wp-block-uagb-image--layout-default wp-block-uagb-image--effect-static wp-block-uagb-image--align-none\"><figure class=\"wp-block-uagb-image__figure\"><img decoding=\"async\" srcset=\"https:\/\/uelsen-nachhaltig.de\/wordpress\/wp-content\/uploads\/2025\/01\/Save-the-Children.jpg ,https:\/\/uelsen-nachhaltig.de\/wordpress\/wp-content\/uploads\/2025\/01\/Save-the-Children.jpg 780w, https:\/\/uelsen-nachhaltig.de\/wordpress\/wp-content\/uploads\/2025\/01\/Save-the-Children.jpg 360w\" sizes=\"auto, (max-width: 480px) 150px\" src=\"https:\/\/uelsen-nachhaltig.de\/wordpress\/wp-content\/uploads\/2025\/01\/Save-the-Children.jpg\" alt=\"\" class=\"uag-image-3150\" width=\"288\" height=\"52\" title=\"Save the Children\" loading=\"lazy\" role=\"img\"\/><\/figure><\/div>\n<\/div>\n\n\n\n<div class=\"wp-block-uagb-container uagb-block-0b89565a\">\n<div class=\"wp-block-uagb-advanced-heading uagb-block-1b6db507\"><h2 class=\"uagb-heading-text\">Kinderrechts-Organisation<br><br><a href=\"https:\/\/www.kindernothilfe.de\/\" target=\"_blank\" rel=\"noreferrer noopener\">www.<\/a><a href=\"https:\/\/www.savethechildren.de\/\" target=\"_blank\" rel=\"noreferrer noopener\">savethechildren<\/a><a href=\"https:\/\/www.kindernothilfe.de\/\" target=\"_blank\" rel=\"noreferrer noopener\">.de<\/a><\/h2><\/div>\n<\/div>\n<\/div><\/div>\n\n\n\n<p><\/p>\n\n\n\n<div class=\"wp-block-uagb-container uagb-block-49a2fb3f alignfull uagb-is-root-container\"><div class=\"uagb-container-inner-blocks-wrap\">\n<div class=\"wp-block-uagb-container uagb-block-b2103f5e\">\n<div class=\"wp-block-uagb-image uagb-block-ab209c82 wp-block-uagb-image--layout-default wp-block-uagb-image--effect-static wp-block-uagb-image--align-none\"><figure class=\"wp-block-uagb-image__figure\"><img decoding=\"async\" srcset=\"https:\/\/uelsen-nachhaltig.de\/wordpress\/wp-content\/uploads\/2025\/01\/World-Vision.jpg ,https:\/\/uelsen-nachhaltig.de\/wordpress\/wp-content\/uploads\/2025\/01\/World-Vision.jpg 780w, https:\/\/uelsen-nachhaltig.de\/wordpress\/wp-content\/uploads\/2025\/01\/World-Vision.jpg 360w\" sizes=\"auto, (max-width: 480px) 150px\" src=\"https:\/\/uelsen-nachhaltig.de\/wordpress\/wp-content\/uploads\/2025\/01\/World-Vision.jpg\" alt=\"\" class=\"uag-image-3151\" width=\"274\" height=\"76\" title=\"World Vision\" loading=\"lazy\" role=\"img\"\/><\/figure><\/div>\n<\/div>\n\n\n\n<div class=\"wp-block-uagb-container uagb-block-246ddffd\">\n<div class=\"wp-block-uagb-advanced-heading uagb-block-0c7f74ae\"><h2 class=\"uagb-heading-text\">Kinderhilfswerk mit u.a. Projekt: Kindheitsretter &#8230; <br><br><a href=\"https:\/\/www.worldvision.de\/\" target=\"_blank\" rel=\"noreferrer noopener\">www.worldvision.de<\/a><\/h2><\/div>\n<\/div>\n<\/div><\/div>\n\n\n\n<div class=\"wp-block-uagb-container uagb-block-860e875c alignfull uagb-is-root-container\"><div class=\"uagb-container-inner-blocks-wrap\"><\/div><\/div>\n\n\n\n<div class=\"wp-block-uagb-container uagb-block-e0824915 alignfull uagb-is-root-container\"><div class=\"uagb-container-inner-blocks-wrap\">\n<div class=\"wp-block-uagb-container uagb-block-39daaab3\"><\/div>\n<\/div><\/div>\n\n\n\n<div class=\"wp-block-uagb-container uagb-block-aaae320b alignfull uagb-is-root-container\"><div class=\"uagb-container-inner-blocks-wrap\">\n<div class=\"wp-block-uagb-image uagb-block-3d003517 wp-block-uagb-image--layout-default wp-block-uagb-image--effect-static wp-block-uagb-image--align-none\"><figure class=\"wp-block-uagb-image__figure\"><img decoding=\"async\" srcset=\"https:\/\/uelsen-nachhaltig.de\/wordpress\/wp-content\/uploads\/2025\/01\/20210714_191828-1024x1024.jpg ,https:\/\/uelsen-nachhaltig.de\/wordpress\/wp-content\/uploads\/2025\/01\/20210714_191828-scaled.jpg 780w, https:\/\/uelsen-nachhaltig.de\/wordpress\/wp-content\/uploads\/2025\/01\/20210714_191828-scaled.jpg 360w\" sizes=\"auto, (max-width: 480px) 150px\" src=\"https:\/\/uelsen-nachhaltig.de\/wordpress\/wp-content\/uploads\/2025\/01\/20210714_191828-1024x1024.jpg\" alt=\"\" class=\"uag-image-3177\" width=\"784\" height=\"784\" title=\"20210714_191828\" loading=\"lazy\" role=\"img\"\/><\/figure><\/div>\n<\/div><\/div>\n\n\n\n<div class=\"wp-block-uagb-advanced-heading uagb-block-4fa6f527\"><p class=\"uagb-desc-text\"><mark style=\"background-color:#98e5c0\" class=\"has-inline-color\">Etwas, was sich vermehrt, wenn man es verschenkt: Freude!<\/mark><\/p><\/div>\n\n\n\n<div class=\"wp-block-uagb-container uagb-block-9ffdf4ef alignfull uagb-is-root-container\"><div class=\"uagb-container-inner-blocks-wrap\">\n<div class=\"wp-block-uagb-container uagb-block-c20c2b72\">\n<div class=\"wp-block-uagb-image uagb-block-7680604f wp-block-uagb-image--layout-default wp-block-uagb-image--effect-static wp-block-uagb-image--align-none\"><figure class=\"wp-block-uagb-image__figure\"><img decoding=\"async\" srcset=\"https:\/\/uelsen-nachhaltig.de\/wordpress\/wp-content\/uploads\/2025\/03\/Ressort-1-Kt-blatt-21-22.jpg ,https:\/\/uelsen-nachhaltig.de\/wordpress\/wp-content\/uploads\/2025\/03\/Ressort-1-Kt-blatt-21-22.jpg 780w, https:\/\/uelsen-nachhaltig.de\/wordpress\/wp-content\/uploads\/2025\/03\/Ressort-1-Kt-blatt-21-22.jpg 360w\" sizes=\"auto, (max-width: 480px) 150px\" src=\"https:\/\/uelsen-nachhaltig.de\/wordpress\/wp-content\/uploads\/2025\/03\/Ressort-1-Kt-blatt-21-22.jpg\" alt=\"\" class=\"uag-image-3310\" width=\"556\" height=\"676\" title=\"Ressort 1 Kt-blatt 21-22\" loading=\"lazy\" role=\"img\"\/><\/figure><\/div>\n<\/div>\n\n\n\n<div class=\"wp-block-uagb-container uagb-block-9dc7e2b0\">\n<div class=\"wp-block-uagb-image uagb-block-15151415 wp-block-uagb-image--layout-default wp-block-uagb-image--effect-static wp-block-uagb-image--align-none\"><figure class=\"wp-block-uagb-image__figure\"><img decoding=\"async\" srcset=\"https:\/\/uelsen-nachhaltig.de\/wordpress\/wp-content\/uploads\/2025\/03\/Ressort-1-Kt-blatt-23-24.jpg ,https:\/\/uelsen-nachhaltig.de\/wordpress\/wp-content\/uploads\/2025\/03\/Ressort-1-Kt-blatt-23-24.jpg 780w, https:\/\/uelsen-nachhaltig.de\/wordpress\/wp-content\/uploads\/2025\/03\/Ressort-1-Kt-blatt-23-24.jpg 360w\" sizes=\"auto, (max-width: 480px) 150px\" src=\"https:\/\/uelsen-nachhaltig.de\/wordpress\/wp-content\/uploads\/2025\/03\/Ressort-1-Kt-blatt-23-24.jpg\" alt=\"\" class=\"uag-image-3311\" width=\"555\" height=\"334\" title=\"Ressort 1 Kt-blatt 23-24\" loading=\"lazy\" role=\"img\"\/><\/figure><\/div>\n<\/div>\n<\/div><\/div>\n","protected":false},"excerpt":{"rendered":"<p>Nothilfe &#8211; Einsatz-Unterst\u00fctzungen # Ausgabenressort 1 # Wo die Not am gr\u00f6\u00dften, wo Hilfe unmittelbar und auch nachhaltig Wirkung verspricht, [&hellip;]<\/p>\n","protected":false},"author":1,"featured_media":3031,"parent":763,"menu_order":1,"comment_status":"open","ping_status":"closed","template":"","meta":{"_uag_custom_page_level_css":"","site-sidebar-layout":"default","site-content-layout":"","ast-site-content-layout":"","site-content-style":"default","site-sidebar-style":"default","ast-global-header-display":"","ast-banner-title-visibility":"","ast-main-header-display":"","ast-hfb-above-header-display":"","ast-hfb-below-header-display":"","ast-hfb-mobile-header-display":"","site-post-title":"disabled","ast-breadcrumbs-content":"","ast-featured-img":"disabled","footer-sml-layout":"","theme-transparent-header-meta":"","adv-header-id-meta":"","stick-header-meta":"","header-above-stick-meta":"","header-main-stick-meta":"","header-below-stick-meta":"","astra-migrate-meta-layouts":"default","ast-page-background-enabled":"default","ast-page-background-meta":{"desktop":{"background-color":"var(--ast-global-color-4)","background-image":"","background-repeat":"repeat","background-position":"center center","background-size":"auto","background-attachment":"scroll","background-type":"","background-media":"","overlay-type":"","overlay-color":"","overlay-opacity":"","overlay-gradient":""},"tablet":{"background-color":"","background-image":"","background-repeat":"repeat","background-position":"center center","background-size":"auto","background-attachment":"scroll","background-type":"","background-media":"","overlay-type":"","overlay-color":"","overlay-opacity":"","overlay-gradient":""},"mobile":{"background-color":"","background-image":"","background-repeat":"repeat","background-position":"center center","background-size":"auto","background-attachment":"scroll","background-type":"","background-media":"","overlay-type":"","overlay-color":"","overlay-opacity":"","overlay-gradient":""}},"ast-content-background-meta":{"desktop":{"background-color":"var(--ast-global-color-5)","background-image":"","background-repeat":"repeat","background-position":"center center","background-size":"auto","background-attachment":"scroll","background-type":"","background-media":"","overlay-type":"","overlay-color":"","overlay-opacity":"","overlay-gradient":""},"tablet":{"background-color":"var(--ast-global-color-5)","background-image":"","background-repeat":"repeat","background-position":"center center","background-size":"auto","background-attachment":"scroll","background-type":"","background-media":"","overlay-type":"","overlay-color":"","overlay-opacity":"","overlay-gradient":""},"mobile":{"background-color":"var(--ast-global-color-5)","background-image":"","background-repeat":"repeat","background-position":"center center","background-size":"auto","background-attachment":"scroll","background-type":"","background-media":"","overlay-type":"","overlay-color":"","overlay-opacity":"","overlay-gradient":""}},"iawp_total_views":33,"footnotes":""},"class_list":["post-3030","page","type-page","status-publish","has-post-thumbnail","hentry"],"uagb_featured_image_src":{"full":["https:\/\/uelsen-nachhaltig.de\/wordpress\/wp-content\/uploads\/2025\/01\/kinderaugen-sambia-48c13e8f-fe60-4218-9714-e0b70ce7b70a.jpg",1619,1080,false],"thumbnail":["https:\/\/uelsen-nachhaltig.de\/wordpress\/wp-content\/uploads\/2025\/01\/kinderaugen-sambia-48c13e8f-fe60-4218-9714-e0b70ce7b70a-150x150.jpg",150,150,true],"medium":["https:\/\/uelsen-nachhaltig.de\/wordpress\/wp-content\/uploads\/2025\/01\/kinderaugen-sambia-48c13e8f-fe60-4218-9714-e0b70ce7b70a-300x200.jpg",300,200,true],"medium_large":["https:\/\/uelsen-nachhaltig.de\/wordpress\/wp-content\/uploads\/2025\/01\/kinderaugen-sambia-48c13e8f-fe60-4218-9714-e0b70ce7b70a-768x512.jpg",768,512,true],"large":["https:\/\/uelsen-nachhaltig.de\/wordpress\/wp-content\/uploads\/2025\/01\/kinderaugen-sambia-48c13e8f-fe60-4218-9714-e0b70ce7b70a-1024x683.jpg",1024,683,true],"1536x1536":["https:\/\/uelsen-nachhaltig.de\/wordpress\/wp-content\/uploads\/2025\/01\/kinderaugen-sambia-48c13e8f-fe60-4218-9714-e0b70ce7b70a-1536x1025.jpg",1536,1025,true],"2048x2048":["https:\/\/uelsen-nachhaltig.de\/wordpress\/wp-content\/uploads\/2025\/01\/kinderaugen-sambia-48c13e8f-fe60-4218-9714-e0b70ce7b70a.jpg",1619,1080,false]},"uagb_author_info":{"display_name":"hermannmarkert","author_link":"https:\/\/uelsen-nachhaltig.de\/wordpress\/author\/hermannmarkert\/"},"uagb_comment_info":0,"uagb_excerpt":"Nothilfe &#8211; Einsatz-Unterst\u00fctzungen # Ausgabenressort 1 # Wo die Not am gr\u00f6\u00dften, wo Hilfe unmittelbar und auch nachhaltig Wirkung verspricht, [&hellip;]","_links":{"self":[{"href":"https:\/\/uelsen-nachhaltig.de\/wordpress\/wp-json\/wp\/v2\/pages\/3030","targetHints":{"allow":["GET"]}}],"collection":[{"href":"https:\/\/uelsen-nachhaltig.de\/wordpress\/wp-json\/wp\/v2\/pages"}],"about":[{"href":"https:\/\/uelsen-nachhaltig.de\/wordpress\/wp-json\/wp\/v2\/types\/page"}],"author":[{"embeddable":true,"href":"https:\/\/uelsen-nachhaltig.de\/wordpress\/wp-json\/wp\/v2\/users\/1"}],"replies":[{"embeddable":true,"href":"https:\/\/uelsen-nachhaltig.de\/wordpress\/wp-json\/wp\/v2\/comments?post=3030"}],"version-history":[{"count":10,"href":"https:\/\/uelsen-nachhaltig.de\/wordpress\/wp-json\/wp\/v2\/pages\/3030\/revisions"}],"predecessor-version":[{"id":3312,"href":"https:\/\/uelsen-nachhaltig.de\/wordpress\/wp-json\/wp\/v2\/pages\/3030\/revisions\/3312"}],"up":[{"embeddable":true,"href":"https:\/\/uelsen-nachhaltig.de\/wordpress\/wp-json\/wp\/v2\/pages\/763"}],"wp:featuredmedia":[{"embeddable":true,"href":"https:\/\/uelsen-nachhaltig.de\/wordpress\/wp-json\/wp\/v2\/media\/3031"}],"wp:attachment":[{"href":"https:\/\/uelsen-nachhaltig.de\/wordpress\/wp-json\/wp\/v2\/media?parent=3030"}],"curies":[{"name":"wp","href":"https:\/\/api.w.org\/{rel}","templated":true}]}}