{"id":2757,"date":"2024-10-17T22:02:11","date_gmt":"2024-10-17T20:02:11","guid":{"rendered":"https:\/\/uelsen-nachhaltig.de\/wordpress\/?page_id=2757"},"modified":"2025-12-08T09:05:49","modified_gmt":"2025-12-08T08:05:49","slug":"forum","status":"publish","type":"page","link":"https:\/\/uelsen-nachhaltig.de\/wordpress\/aha\/forum\/","title":{"rendered":"Forum"},"content":{"rendered":"\n<div class=\"wp-block-uagb-advanced-heading uagb-block-2afd17c2\"><h1 class=\"uagb-heading-text\">F o r u m <\/h1><\/div>\n\n\n\n<div class=\"wp-block-uagb-advanced-heading uagb-block-24a0d00f\"><h2 class=\"uagb-heading-text\">Lass uns mal dr\u00fcber reden<\/h2><\/div>\n\n\n\n<p class=\"has-medium-font-size\"><mark style=\"background-color:#6aa2f7\" class=\"has-inline-color has-ast-global-color-2-color\">Alltagsthemen mit Nachhaltigkeits-Bezug<\/mark><\/p>\n\n\n\n<p class=\"has-medium-font-size\">Geplant ist eine Besch\u00e4ftigung mit z.B. nachfolgend aufgef\u00fchrten Themen auf duale Weise, d.h. jeder soll hier jederzeit online Beitr\u00e4ge einsehen und sich beteiligen k\u00f6nnen (im Blog). Daneben finden monatlich Treffen in Pr\u00e4sents statt; bzw. es k\u00f6nnen auch individuelle situationsbezogene Beratungen nach Absprache genutzt werden. <br>N\u00e4heres in K\u00fcrze und auf Anfrage.<\/p>\n\n\n\n<p class=\"has-medium-font-size\"><strong>In der Rubrik: Nachhaltig gut wohnen<\/strong><\/p>\n\n\n\n<blockquote class=\"wp-block-quote is-layout-flow wp-block-quote-is-layout-flow\">\n<p class=\"has-medium-font-size\">1.1 Mein Zuhause bedacht planen (bauen, umbauen, modernisieren)<\/p>\n\n\n\n<p class=\"has-medium-font-size\">1.2 Altes Haus. Was nun?<\/p>\n\n\n\n<p class=\"has-medium-font-size\">1.3 Was ich selber machen kann (M\u00f6glichkeiten und Grenzen der &#8218;Muskelhypothek&#8216;)<\/p>\n\n\n\n<p class=\"has-medium-font-size\">1.4 Gute Luft im Raum &#8211; Qualit\u00e4t zum Leben! (Geschickt L\u00fcften und Heizen im Winter) &#8211; <a href=\"https:\/\/uelsen-nachhaltig.de\/wordpress\/gute-luft-im-raum-gewusst-wie\/\" data-type=\"page\" data-id=\"2788\">Mehr aktuell dazu hier<\/a><\/p>\n\n\n\n<p class=\"has-medium-font-size\">1.5 Mein Haus fit halten &#8211; pflegen, warten, reparieren<\/p>\n\n\n\n<p class=\"has-medium-font-size\">1.6 <\/p>\n<\/blockquote>\n\n\n\n<p class=\"has-medium-font-size\"><strong>In der Rubrik: Das Leben ganzheitlich im Blick<\/strong><\/p>\n\n\n\n<blockquote class=\"wp-block-quote is-layout-flow wp-block-quote-is-layout-flow\">\n<p class=\"has-medium-font-size\">2.1 Fit bleiben + gesund leben &#8211; was liegt dabei an mir?<\/p>\n\n\n\n<p class=\"has-medium-font-size\">2.2 Volle Kanne oder: Weniger ist mehr!? &#8211; Wann gilt was anzuvisieren?<\/p>\n\n\n\n<p class=\"has-medium-font-size\">2.3 Aufruf zur Ruhe. Was Entspannung bringt und wie sie gelingt ..<\/p>\n\n\n\n<p class=\"has-medium-font-size\">2.4 Perspektiven trotz Krisen<\/p>\n\n\n\n<p class=\"has-medium-font-size\">2.5 Alt aber oho! &#8211; Sp\u00e4tes Leben ohne Bedeutungsverlust<\/p>\n\n\n\n<p class=\"has-medium-font-size\">2.6 Ja, was glauben die (wir) denn? <\/p>\n\n\n\n<p class=\"has-medium-font-size\">2.7 Echt echt ist keiner (?) &#8211; Wenn wir t\u00e4ten, was wir wollen<\/p>\n<\/blockquote>\n\n\n\n<p class=\"has-medium-font-size\"><strong>Au\u00dferdem sind Workshops in folgenden Bereichen angedacht:<\/strong><\/p>\n\n\n\n<blockquote class=\"wp-block-quote is-layout-flow wp-block-quote-is-layout-flow\">\n<p class=\"has-medium-font-size\">WS1: Obstb\u00e4ume gut beschneiden<\/p>\n\n\n\n<p class=\"has-medium-font-size\">WS2: Bewegung ist Trumpf &#8211; Fitness f\u00fcr Faule<\/p>\n\n\n\n<p class=\"has-medium-font-size\">WS3: Im Trockenbau: Fugenspachteln mit Erfolg<\/p>\n<\/blockquote>\n\n\n\n<p><\/p>\n","protected":false},"excerpt":{"rendered":"<p>F o r u m Lass uns mal dr\u00fcber reden Alltagsthemen mit Nachhaltigkeits-Bezug Geplant ist eine Besch\u00e4ftigung mit z.B. nachfolgend [&hellip;]<\/p>\n","protected":false},"author":1,"featured_media":0,"parent":274,"menu_order":0,"comment_status":"closed","ping_status":"closed","template":"","meta":{"_uag_custom_page_level_css":"","site-sidebar-layout":"default","site-content-layout":"","ast-site-content-layout":"","site-content-style":"default","site-sidebar-style":"default","ast-global-header-display":"","ast-banner-title-visibility":"","ast-main-header-display":"","ast-hfb-above-header-display":"","ast-hfb-below-header-display":"","ast-hfb-mobile-header-display":"","site-post-title":"disabled","ast-breadcrumbs-content":"","ast-featured-img":"","footer-sml-layout":"","theme-transparent-header-meta":"","adv-header-id-meta":"","stick-header-meta":"","header-above-stick-meta":"","header-main-stick-meta":"","header-below-stick-meta":"","astra-migrate-meta-layouts":"default","ast-page-background-enabled":"default","ast-page-background-meta":{"desktop":{"background-color":"var(--ast-global-color-4)","background-image":"","background-repeat":"repeat","background-position":"center center","background-size":"auto","background-attachment":"scroll","background-type":"","background-media":"","overlay-type":"","overlay-color":"","overlay-opacity":"","overlay-gradient":""},"tablet":{"background-color":"","background-image":"","background-repeat":"repeat","background-position":"center center","background-size":"auto","background-attachment":"scroll","background-type":"","background-media":"","overlay-type":"","overlay-color":"","overlay-opacity":"","overlay-gradient":""},"mobile":{"background-color":"","background-image":"","background-repeat":"repeat","background-position":"center center","background-size":"auto","background-attachment":"scroll","background-type":"","background-media":"","overlay-type":"","overlay-color":"","overlay-opacity":"","overlay-gradient":""}},"ast-content-background-meta":{"desktop":{"background-color":"var(--ast-global-color-5)","background-image":"","background-repeat":"repeat","background-position":"center center","background-size":"auto","background-attachment":"scroll","background-type":"","background-media":"","overlay-type":"","overlay-color":"","overlay-opacity":"","overlay-gradient":""},"tablet":{"background-color":"var(--ast-global-color-5)","background-image":"","background-repeat":"repeat","background-position":"center center","background-size":"auto","background-attachment":"scroll","background-type":"","background-media":"","overlay-type":"","overlay-color":"","overlay-opacity":"","overlay-gradient":""},"mobile":{"background-color":"var(--ast-global-color-5)","background-image":"","background-repeat":"repeat","background-position":"center center","background-size":"auto","background-attachment":"scroll","background-type":"","background-media":"","overlay-type":"","overlay-color":"","overlay-opacity":"","overlay-gradient":""}},"iawp_total_views":74,"footnotes":""},"class_list":["post-2757","page","type-page","status-publish","hentry"],"uagb_featured_image_src":{"full":false,"thumbnail":false,"medium":false,"medium_large":false,"large":false,"1536x1536":false,"2048x2048":false},"uagb_author_info":{"display_name":"hermannmarkert","author_link":"https:\/\/uelsen-nachhaltig.de\/wordpress\/author\/hermannmarkert\/"},"uagb_comment_info":0,"uagb_excerpt":"F o r u m Lass uns mal dr\u00fcber reden Alltagsthemen mit Nachhaltigkeits-Bezug Geplant ist eine Besch\u00e4ftigung mit z.B. nachfolgend [&hellip;]","_links":{"self":[{"href":"https:\/\/uelsen-nachhaltig.de\/wordpress\/wp-json\/wp\/v2\/pages\/2757","targetHints":{"allow":["GET"]}}],"collection":[{"href":"https:\/\/uelsen-nachhaltig.de\/wordpress\/wp-json\/wp\/v2\/pages"}],"about":[{"href":"https:\/\/uelsen-nachhaltig.de\/wordpress\/wp-json\/wp\/v2\/types\/page"}],"author":[{"embeddable":true,"href":"https:\/\/uelsen-nachhaltig.de\/wordpress\/wp-json\/wp\/v2\/users\/1"}],"replies":[{"embeddable":true,"href":"https:\/\/uelsen-nachhaltig.de\/wordpress\/wp-json\/wp\/v2\/comments?post=2757"}],"version-history":[{"count":9,"href":"https:\/\/uelsen-nachhaltig.de\/wordpress\/wp-json\/wp\/v2\/pages\/2757\/revisions"}],"predecessor-version":[{"id":2797,"href":"https:\/\/uelsen-nachhaltig.de\/wordpress\/wp-json\/wp\/v2\/pages\/2757\/revisions\/2797"}],"up":[{"embeddable":true,"href":"https:\/\/uelsen-nachhaltig.de\/wordpress\/wp-json\/wp\/v2\/pages\/274"}],"wp:attachment":[{"href":"https:\/\/uelsen-nachhaltig.de\/wordpress\/wp-json\/wp\/v2\/media?parent=2757"}],"curies":[{"name":"wp","href":"https:\/\/api.w.org\/{rel}","templated":true}]}}

<div class="wp-block-uagb-advanced-heading uagb-block-2afd17c2"><h1 class="uagb-heading-text">F o r u m </h1></div>



<div class="wp-block-uagb-advanced-heading uagb-block-24a0d00f"><h2 class="uagb-heading-text">Lass uns mal drüber reden</h2></div>



<p class="has-medium-font-size"><mark style="background-color:#6aa2f7" class="has-inline-color has-ast-global-color-2-color">Alltagsthemen mit Nachhaltigkeits-Bezug</mark></p>



<p class="has-medium-font-size">Geplant ist eine Beschäftigung mit z.B. nachfolgend aufgeführten Themen auf duale Weise, d.h. jeder soll hier jederzeit online Beiträge einsehen und sich beteiligen können (im Blog). Daneben finden monatlich Treffen in Präsents statt; bzw. es können auch individuelle situationsbezogene Beratungen nach Absprache genutzt werden. <br>Näheres in Kürze und auf Anfrage.</p>



<p class="has-medium-font-size"><strong>In der Rubrik: Nachhaltig gut wohnen</strong></p>



<blockquote class="wp-block-quote is-layout-flow wp-block-quote-is-layout-flow">
<p class="has-medium-font-size">1.1 Mein Zuhause bedacht planen (bauen, umbauen, modernisieren)</p>



<p class="has-medium-font-size">1.2 Altes Haus. Was nun?</p>



<p class="has-medium-font-size">1.3 Was ich selber machen kann (Möglichkeiten und Grenzen der &#8218;Muskelhypothek&#8216;)</p>



<p class="has-medium-font-size">1.4 Gute Luft im Raum &#8211; Qualität zum Leben! (Geschickt Lüften und Heizen im Winter) &#8211; <a href="https://uelsen-nachhaltig.de/wordpress/gute-luft-im-raum-gewusst-wie/" data-type="page" data-id="2788">Mehr aktuell dazu hier</a></p>



<p class="has-medium-font-size">1.5 Mein Haus fit halten &#8211; pflegen, warten, reparieren</p>



<p class="has-medium-font-size">1.6 </p>
</blockquote>



<p class="has-medium-font-size"><strong>In der Rubrik: Das Leben ganzheitlich im Blick</strong></p>



<blockquote class="wp-block-quote is-layout-flow wp-block-quote-is-layout-flow">
<p class="has-medium-font-size">2.1 Fit bleiben + gesund leben &#8211; was liegt dabei an mir?</p>



<p class="has-medium-font-size">2.2 Volle Kanne oder: Weniger ist mehr!? &#8211; Wann gilt was anzuvisieren?</p>



<p class="has-medium-font-size">2.3 Aufruf zur Ruhe. Was Entspannung bringt und wie sie gelingt ..</p>



<p class="has-medium-font-size">2.4 Perspektiven trotz Krisen</p>



<p class="has-medium-font-size">2.5 Alt aber oho! &#8211; Spätes Leben ohne Bedeutungsverlust</p>



<p class="has-medium-font-size">2.6 Ja, was glauben die (wir) denn? </p>



<p class="has-medium-font-size">2.7 Echt echt ist keiner (?) &#8211; Wenn wir täten, was wir wollen</p>
</blockquote>



<p class="has-medium-font-size"><strong>Außerdem sind Workshops in folgenden Bereichen angedacht:</strong></p>



<blockquote class="wp-block-quote is-layout-flow wp-block-quote-is-layout-flow">
<p class="has-medium-font-size">WS1: Obstbäume gut beschneiden</p>



<p class="has-medium-font-size">WS2: Bewegung ist Trumpf &#8211; Fitness für Faule</p>



<p class="has-medium-font-size">WS3: Im Trockenbau: Fugenspachteln mit Erfolg</p>
</blockquote>



<p></p>

<p>F o r u m Lass uns mal drüber reden Alltagsthemen mit Nachhaltigkeits-Bezug Geplant ist eine Beschäftigung mit z.B. nachfolgend [&hellip;]</p>

F o r u m Lass uns mal drüber reden Alltagsthemen mit Nachhaltigkeits-Bezug Geplant ist eine Beschäftigung mit z.B. nachfolgend [&hellip;]
