{"id":2157,"date":"2024-09-20T20:47:04","date_gmt":"2024-09-20T18:47:04","guid":{"rendered":"https:\/\/uelsen-nachhaltig.de\/wordpress\/?page_id=2157"},"modified":"2024-10-14T10:04:26","modified_gmt":"2024-10-14T08:04:26","slug":"worauf-es-ankommt-oder-damit-gehts-los","status":"publish","type":"page","link":"https:\/\/uelsen-nachhaltig.de\/wordpress\/home\/worauf-es-ankommt-oder-damit-gehts-los\/","title":{"rendered":"Vorweg"},"content":{"rendered":"\n<div class=\"wp-block-uagb-container uagb-block-b743bd62 alignfull uagb-is-root-container\"><div class=\"uagb-container-inner-blocks-wrap\">\n<div class=\"wp-block-uagb-advanced-heading uagb-block-68dc701a\"><h2 class=\"uagb-heading-text\">Vorweg<\/h2><\/div>\n\n\n\n<div class=\"wp-block-uagb-advanced-heading uagb-block-545446a7\"><h3 class=\"uagb-heading-text\">Worauf es ankommt \/\/ Damit geht&#8217;s los<\/h3><\/div>\n\n\n\n<div class=\"wp-block-uagb-container uagb-block-888385cc\">\n<div class=\"wp-block-uagb-container uagb-block-eda10934\">\n<div class=\"wp-block-uagb-advanced-heading uagb-block-cd5f88d3\"><h4 class=\"uagb-heading-text\"> <mark style=\"background-color:#f2d551\" class=\"has-inline-color\">  aufmerk<\/mark><mark style=\"background-color:#f7e407\" class=\"has-inline-color has-ast-global-color-2-color\">en<\/mark><mark style=\"background-color:#f7e407\" class=\"has-inline-color has-ast-global-color-2-color\">,<\/mark><mark style=\"background-color:#b1f76c\" class=\"has-inline-color has-ast-global-color-2-color\">  achten, <\/mark><mark style=\"background-color:#f4aaee\" class=\"has-inline-color has-ast-global-color-2-color\"> sch\u00e4tzen <\/mark> <\/h4><\/div>\n\n\n\n<div class=\"wp-block-uagb-advanced-heading uagb-block-1c640106\"><p class=\"uagb-desc-text\">Alle wollen sie; meine Aufmerksamkeit.  &gt;<em> \u201eHast du das schon gesehen?\u201c &gt; \u201eAchtung: Nicht verpassen!<\/em>\u201c &#8211; Wer sich da alles so anschickt (oft \u00fcber\u2019s Handy), um meine <mark style=\"background-color:#fefaac\" class=\"has-inline-color has-ast-global-color-2-color\">Aufmerksamkeit<\/mark> zu bekommen (?) Und da sind all die anderen (gef\u00fchlten 1000) Dinge*, die sie verlangen: Aufmerksamkeit! Wie leicht passieret es dabei, dass Wichtiges auf der Strecke bleibt. &nbsp;&nbsp;\u2013 <br>Und worum geht es hier?&nbsp; Um die Bitte um Aufmerksamkeit. Also schon wieder &#8230;<br>Doch schlie\u00dflich geht es hier um was. Wir wollen dem guten Leben, einem nachhaltigen Leben ganzheitlich n\u00e4her kommen. Echt.  Wie mag das gelingen?<br>Gewiss hat es damit zu tun, wie wir unser Denken und Tun mit passender Aufmerksamkeit und&nbsp; <mark style=\"background-color:#a8f482\" class=\"has-inline-color\">Achtsamkeit<\/mark> verbinden. <br><br>Bisweilen scheint es, wir rauschen so durch\u2019s Leben. \u00dcbrigens:  was verstehen wir eigentlich unter Lebensqualit\u00e4t?&nbsp; (Ein Beitrag <a href=\"https:\/\/uelsen-nachhaltig.de\/wordpress\/blog\/\" data-type=\"page\" data-id=\"850\">im Blog<\/a> geht dieser Frage nach).<br><br>Zugegeben, es erfordert bei alledem schon meine Bereitschaft, mich f\u00fcr eine <mark style=\"background-color:#d298d7\" class=\"has-inline-color has-ast-global-color-2-color\">Wertsch\u00e4tzung<\/mark><mark style=\"background-color:var(--ast-global-color-5)\" class=\"has-inline-color has-ast-global-color-5-color\"> <\/mark>von Dingen und Werten zu entscheiden, die \u00fcber das \u00fcbliche hinausgehen. Und die Frage, was nehme ich dabei im Blickfeld, hat nachhaltige Auswirkungen. <br>Mehr Wertsch\u00e4tzung \u2013 mehr Leben, mehr Freude, &#8211; nachhaltig. Stimmt das?<br><strong>                                                  Test it.<\/strong><\/p><\/div>\n<\/div>\n<\/div>\n<\/div><\/div>\n\n\n\n<p>&#8230;&#8230;&#8230;&#8230;&#8230;&#8230;&#8230;&#8230;&#8230;&#8230;&#8230;&#8230;&#8230;&#8230;&#8230;&#8230;&#8230;&#8230;&#8230;&#8230;&#8230;&#8230;&#8230;&#8230;&#8230;&#8230;&#8230;&#8230; d a z u &#8230;&#8230;&#8230;&#8230;&#8230;&#8230;&#8230;&#8230;&#8230;&#8230;&#8230;&#8230;&#8230;&#8230;&#8230;&#8230;&#8230;&#8230;&#8230;&#8230;&#8230;&#8230;&#8230;&#8230;&#8230;&#8230;&#8230;&#8230;&#8230;&#8230;<\/p>\n\n\n\n<div class=\"wp-block-uagb-container uagb-block-a2b42bd0 alignfull uagb-is-root-container\"><div class=\"uagb-container-inner-blocks-wrap\">\n<div class=\"wp-block-uagb-container uagb-block-2505e136\">\n<div class=\"wp-block-uagb-advanced-heading uagb-block-d8539e27\"><h2 class=\"uagb-heading-text\">Wir haben die Wahl<\/h2><\/div>\n\n\n\n<div class=\"wp-block-uagb-advanced-heading uagb-block-24f6a42a\"><h2 class=\"uagb-heading-text\">* wem widme ich meine Aufmerksamkeit?<\/h2><p class=\"uagb-desc-text\">&#8211; in Bearbeitung &#8211;<\/p><\/div>\n<\/div>\n\n\n\n<div class=\"wp-block-uagb-container uagb-block-72b963a8\">\n<div class=\"wp-block-uagb-advanced-heading uagb-block-8efc8de8\"><p class=\"uagb-heading-text\">1000 Entscheidungen f\u00e4llen wir t\u00e4glich (mehr oder weniger). Wir haben die Wahl, nicht immer, doch immerhin sind es ganz viele &#8218;Dinge&#8216; \u00fcber die wir entscheiden. <br>Das f\u00e4ngt morgens schon an: <br>Woran denke ich zuerst?<br>(Mein Befinden, meine Sorgen, Bed\u00fcrfnisse der Familie, des Partners &#8230;?)<br>Was schaue ich an?<br>(Mein Gesicht im Spiegel, Blick im Garten, in die Zeitung &#8230;)<br>Von was lasse ich mich beeinflussen?<br>(Der Laune meiner Mitbewohner, dem Wetter &#8230;)<br>Wer bekommt mein Geh\u00f6r?<br>(Partner:in, Radio, YouTube &#8230;)<br><br>Und worauf wollte ich mich eigentlich konzentrieren?<br><br>Was lenkt mich ab?<br><br><\/p><\/div>\n<\/div>\n<\/div><\/div>\n\n\n\n<p><\/p>\n","protected":false},"excerpt":{"rendered":"<p>Vorweg Worauf es ankommt \/\/ Damit geht&#8217;s los aufmerken, achten, sch\u00e4tzen Alle wollen sie; meine Aufmerksamkeit. &gt; \u201eHast du das [&hellip;]<\/p>\n","protected":false},"author":1,"featured_media":0,"parent":199,"menu_order":0,"comment_status":"closed","ping_status":"closed","template":"","meta":{"_uag_custom_page_level_css":"","site-sidebar-layout":"default","site-content-layout":"","ast-site-content-layout":"","site-content-style":"default","site-sidebar-style":"default","ast-global-header-display":"","ast-banner-title-visibility":"","ast-main-header-display":"","ast-hfb-above-header-display":"","ast-hfb-below-header-display":"","ast-hfb-mobile-header-display":"","site-post-title":"disabled","ast-breadcrumbs-content":"","ast-featured-img":"","footer-sml-layout":"","theme-transparent-header-meta":"disabled","adv-header-id-meta":"","stick-header-meta":"","header-above-stick-meta":"","header-main-stick-meta":"","header-below-stick-meta":"","astra-migrate-meta-layouts":"default","ast-page-background-enabled":"default","ast-page-background-meta":{"desktop":{"background-color":"var(--ast-global-color-4)","background-image":"","background-repeat":"repeat","background-position":"center center","background-size":"auto","background-attachment":"scroll","background-type":"","background-media":"","overlay-type":"","overlay-color":"","overlay-opacity":"","overlay-gradient":""},"tablet":{"background-color":"","background-image":"","background-repeat":"repeat","background-position":"center center","background-size":"auto","background-attachment":"scroll","background-type":"","background-media":"","overlay-type":"","overlay-color":"","overlay-opacity":"","overlay-gradient":""},"mobile":{"background-color":"","background-image":"","background-repeat":"repeat","background-position":"center center","background-size":"auto","background-attachment":"scroll","background-type":"","background-media":"","overlay-type":"","overlay-color":"","overlay-opacity":"","overlay-gradient":""}},"ast-content-background-meta":{"desktop":{"background-color":"var(--ast-global-color-5)","background-image":"","background-repeat":"repeat","background-position":"center center","background-size":"auto","background-attachment":"scroll","background-type":"","background-media":"","overlay-type":"","overlay-color":"","overlay-opacity":"","overlay-gradient":""},"tablet":{"background-color":"var(--ast-global-color-5)","background-image":"","background-repeat":"repeat","background-position":"center center","background-size":"auto","background-attachment":"scroll","background-type":"","background-media":"","overlay-type":"","overlay-color":"","overlay-opacity":"","overlay-gradient":""},"mobile":{"background-color":"var(--ast-global-color-5)","background-image":"","background-repeat":"repeat","background-position":"center center","background-size":"auto","background-attachment":"scroll","background-type":"","background-media":"","overlay-type":"","overlay-color":"","overlay-opacity":"","overlay-gradient":""}},"iawp_total_views":69,"footnotes":""},"class_list":["post-2157","page","type-page","status-publish","hentry"],"uagb_featured_image_src":{"full":false,"thumbnail":false,"medium":false,"medium_large":false,"large":false,"1536x1536":false,"2048x2048":false},"uagb_author_info":{"display_name":"hermannmarkert","author_link":"https:\/\/uelsen-nachhaltig.de\/wordpress\/author\/hermannmarkert\/"},"uagb_comment_info":0,"uagb_excerpt":"Vorweg Worauf es ankommt \/\/ Damit geht&#8217;s los aufmerken, achten, sch\u00e4tzen Alle wollen sie; meine Aufmerksamkeit. &gt; \u201eHast du das [&hellip;]","_links":{"self":[{"href":"https:\/\/uelsen-nachhaltig.de\/wordpress\/wp-json\/wp\/v2\/pages\/2157","targetHints":{"allow":["GET"]}}],"collection":[{"href":"https:\/\/uelsen-nachhaltig.de\/wordpress\/wp-json\/wp\/v2\/pages"}],"about":[{"href":"https:\/\/uelsen-nachhaltig.de\/wordpress\/wp-json\/wp\/v2\/types\/page"}],"author":[{"embeddable":true,"href":"https:\/\/uelsen-nachhaltig.de\/wordpress\/wp-json\/wp\/v2\/users\/1"}],"replies":[{"embeddable":true,"href":"https:\/\/uelsen-nachhaltig.de\/wordpress\/wp-json\/wp\/v2\/comments?post=2157"}],"version-history":[{"count":9,"href":"https:\/\/uelsen-nachhaltig.de\/wordpress\/wp-json\/wp\/v2\/pages\/2157\/revisions"}],"predecessor-version":[{"id":2752,"href":"https:\/\/uelsen-nachhaltig.de\/wordpress\/wp-json\/wp\/v2\/pages\/2157\/revisions\/2752"}],"up":[{"embeddable":true,"href":"https:\/\/uelsen-nachhaltig.de\/wordpress\/wp-json\/wp\/v2\/pages\/199"}],"wp:attachment":[{"href":"https:\/\/uelsen-nachhaltig.de\/wordpress\/wp-json\/wp\/v2\/media?parent=2157"}],"curies":[{"name":"wp","href":"https:\/\/api.w.org\/{rel}","templated":true}]}}