{"id":104,"date":"2024-08-16T15:09:40","date_gmt":"2024-08-16T13:09:40","guid":{"rendered":"https:\/\/uelsen-nachhaltig.de\/wordpress\/?page_id=104"},"modified":"2025-04-01T05:30:18","modified_gmt":"2025-04-01T03:30:18","slug":"uber-uns","status":"publish","type":"page","link":"https:\/\/uelsen-nachhaltig.de\/wordpress\/uber-uns\/","title":{"rendered":"\u00dcber Uns"},"content":{"rendered":"\n<div class=\"wp-block-uagb-container uagb-block-d7376050 alignwide uagb-is-root-container\">\n<div class=\"wp-block-uagb-container uagb-block-cacb742d\">\n<div class=\"wp-block-uagb-advanced-heading uagb-block-7c635c0e\"><h2 class=\"uagb-heading-text\">\u00dcber Uns<\/h2><\/div>\n<\/div>\n<\/div>\n\n\n\n<div class=\"wp-block-uagb-container uagb-block-3dd2cffc alignfull uagb-is-root-container\"><div class=\"uagb-container-inner-blocks-wrap\">\n<div class=\"wp-block-uagb-advanced-heading uagb-block-2732d86c\"><p class=\"uagb-desc-text\"><em>Hoppla.<\/em> \u00dcblich ist an dieser Stelle ja eine Personenvorstellung der Akteure. Die kommt auch.  Doch es werden hier zun\u00e4chst die \u201aAkteure\u2018 erw\u00e4hnt, die mit unserer Situation, der nachhaltigen wie der nicht nachhaltigen, eng verbunden sind, im engeren wie im weiteren Sinne. Wir \u201estolpern\u201c also zun\u00e4chst \u00fcber uns als Menschen ansich, \u00fcber unsere Welt, unser Dorf und dann erst kommen \u201awir\u2018. Daher die drei Kategorien.<\/p><\/div>\n<\/div><\/div>\n\n\n\n<div class=\"wp-block-uagb-container uagb-block-81de966e alignfull uagb-is-root-container\"><div class=\"uagb-container-inner-blocks-wrap\">\n<div class=\"wp-block-uagb-container uagb-block-2e513588\">\n<div class=\"wp-block-uagb-info-box uagb-block-1506f31d uagb-infobox__content-wrap  uagb-infobox-icon-above-title uagb-infobox-image-valign-top\"><div class=\"uagb-ifb-content\"><div class=\"uagb-ifb-title-wrap\"><\/div><p class=\"uagb-ifb-desc\"><strong>Mensch Welt<\/strong><br>Erz\u00e4hl uns: Wie geht es dir, Welt? Wir sind schlie\u00dflich eng mit dir verwoben..<\/p><\/div><\/div>\n\n\n\n<div class=\"wp-block-uagb-info-box uagb-block-b9033054 uagb-infobox__content-wrap  uagb-infobox-icon-above-title uagb-infobox-image-valign-top\"><div class=\"uagb-ifb-content\"><div class=\"uagb-ifb-image-content\"><img decoding=\"async\" src=\"https:\/\/uelsen-nachhaltig.de\/wordpress\/wp-content\/uploads\/2024\/08\/1.1-Mensch-Welt-1024x948.jpg\" alt=\"\" width=\"\" height=\"0\" loading=\"lazy\"\/><\/div><div class=\"uagb-ifb-title-wrap\"><\/div><p class=\"uagb-ifb-desc\">Und du, Mensch, ach was bist du doch f\u00fcr ein merkw\u00fcrdiges Wesen. Wann ergr\u00fcnden wir dich eigentlich? Es l\u00e4sst sich wohl auf jeden Fall von dir sagen, dass du \u2026<br>&nbsp;<br> Mehr  <br><br><a href=\"https:\/\/uelsen-nachhaltig.de\/wordpress\/uber-uns\/mensch\/\" data-type=\"page\" data-id=\"349\">&#8222;Mensch &#8211; wer bist du&#8220;<\/a><br><br><a href=\"https:\/\/uelsen-nachhaltig.de\/wordpress\/uber-uns\/welt\/\" data-type=\"page\" data-id=\"777\">&#8222;Oh Welt&#8220;<\/a><\/p><\/div><\/div>\n<\/div>\n\n\n\n<div class=\"wp-block-uagb-container uagb-block-43126911\">\n<div class=\"wp-block-uagb-advanced-heading uagb-block-b712de01\"><p class=\"uagb-heading-text\"><strong>Vor Ort<\/strong><\/p><\/div>\n\n\n\n<div class=\"wp-block-uagb-image uagb-block-86e0cded wp-block-uagb-image--layout-default wp-block-uagb-image--effect-static wp-block-uagb-image--align-none\"><figure class=\"wp-block-uagb-image__figure\"><img decoding=\"async\" srcset=\"https:\/\/uelsen-nachhaltig.de\/wordpress\/wp-content\/uploads\/2024\/09\/Vor-Ort_09-06-2024_01-1.jpg ,https:\/\/uelsen-nachhaltig.de\/wordpress\/wp-content\/uploads\/2024\/09\/Vor-Ort_09-06-2024_01-1.jpg 780w, https:\/\/uelsen-nachhaltig.de\/wordpress\/wp-content\/uploads\/2024\/09\/Vor-Ort_09-06-2024_01-1.jpg 360w\" sizes=\"auto, (max-width: 480px) 150px\" src=\"https:\/\/uelsen-nachhaltig.de\/wordpress\/wp-content\/uploads\/2024\/09\/Vor-Ort_09-06-2024_01-1.jpg\" alt=\"\" class=\"uag-image-1198\" width=\"213\" height=\"206\" title=\"Vor Ort_09-06-2024_01\" loading=\"lazy\" role=\"img\"\/><\/figure><\/div>\n\n\n\n<div class=\"wp-block-uagb-info-box uagb-block-d531a2dc uagb-infobox__content-wrap  uagb-infobox-icon-above-title uagb-infobox-image-valign-top wp-block-uagb-info-box--has-margin\"><div class=\"uagb-infobox-margin-wrapper\"><div class=\"uagb-ifb-content\"><div class=\"uagb-ifb-title-wrap\"><\/div><p class=\"uagb-ifb-desc\">Unser sch\u00f6nes <strong>Uelsen<\/strong>. Lebenswert, liebenswert; .<br>der Ort, das Umfeld, die Natur, die Menschen.. (oh, hat da jemand gehustet?)<br>Bei aller Verschiedenheit, die zun\u00e4chst mal interessant ist; es lohnt sich, n\u00e4her hinzuschauen. Uns eint nun mal alle der Wunsch, gut Leben zu wollen \u2013 am liebsten nach-haltig, also auch lange. Und was noch?<\/p><\/div><\/div><\/div>\n\n\n\n<div class=\"wp-block-uagb-container uagb-block-fe5f3fed\">\n<div class=\"wp-block-uagb-advanced-heading uagb-block-5826e23c\"><div class=\"uagb-heading-text\">mehr:     <a href=\"https:\/\/uelsen-nachhaltig.de\/wordpress\/uber-uns\/am-ort\/\" data-type=\"page\" data-id=\"799\">&#8222;Am Ort&#8220;<\/a><\/div><\/div>\n<a class=\"spectra-container-link-overlay\" rel=\"noopener\" href=\"https:\/\/uelsen-nachhaltig.de\/wordpress\/uber-uns\/am-ort\/\"> <\/a><\/div>\n<\/div>\n\n\n\n<div class=\"wp-block-uagb-container uagb-block-4eab3822\">\n<div class=\"wp-block-uagb-info-box uagb-block-696bce1f uagb-infobox__content-wrap  uagb-infobox-icon-above-title uagb-infobox-image-valign-top\"><div class=\"uagb-ifb-content\"><div class=\"uagb-ifb-title-wrap\"><\/div><p class=\"uagb-ifb-desc\"><strong>Pers\u00f6nlich<\/strong> <br>Es f\u00e4ngt wie so vieles mit einer Vision an, einem Menschen,\u00a0einem Pionier. Ja, so kann man den Initiator dieser Initiative wohl nennen.  2020 kam es zum Start.<br>                  <a href=\"https:\/\/uelsen-nachhaltig.de\/wordpress\/wp-admin\/post.php?post=350&amp;action=edit\" data-type=\"link\" data-id=\"https:\/\/uelsen-nachhaltig.de\/wordpress\/wp-admin\/post.php?post=350&amp;action=edit\">\u00dcber mich<\/a><\/p><\/div><\/div>\n\n\n\n<div class=\"wp-block-uagb-image uagb-block-10b04aae wp-block-uagb-image--layout-default wp-block-uagb-image--effect-static wp-block-uagb-image--align-none\"><figure class=\"wp-block-uagb-image__figure\"><img decoding=\"async\" srcset=\"https:\/\/uelsen-nachhaltig.de\/wordpress\/wp-content\/uploads\/2024\/09\/handen_09-07-2024_01.webp ,https:\/\/uelsen-nachhaltig.de\/wordpress\/wp-content\/uploads\/2024\/09\/handen_09-07-2024_01.webp 780w, https:\/\/uelsen-nachhaltig.de\/wordpress\/wp-content\/uploads\/2024\/09\/handen_09-07-2024_01.webp 360w\" sizes=\"auto, (max-width: 480px) 150px\" src=\"https:\/\/uelsen-nachhaltig.de\/wordpress\/wp-content\/uploads\/2024\/09\/handen_09-07-2024_01.webp\" alt=\"\" class=\"uag-image-1150\" width=\"182\" height=\"159\" title=\"handen_09-07-2024_01\" loading=\"lazy\" role=\"img\"\/><\/figure><\/div>\n\n\n\n<div class=\"wp-block-uagb-info-box uagb-block-a3fe29fe uagb-infobox__content-wrap  uagb-infobox-icon-above-title uagb-infobox-image-valign-top wp-block-uagb-info-box--has-margin\"><div class=\"uagb-infobox-margin-wrapper\"><div class=\"uagb-ifb-content\"><div class=\"uagb-ifb-title-wrap\"><\/div><p class=\"uagb-ifb-desc\">Mit der Zeit kamen Mitstreiter hinzu, <strong><a href=\"https:\/\/uelsen-nachhaltig.de\/wordpress\/uber-uns\/persoenlich\/\" data-type=\"page\" data-id=\"350\">Unterst\u00fctzer<\/a><\/strong>, Sympathisanten  &#8211; <a href=\"https:\/\/uelsen-nachhaltig.de\/wordpress\/uber-uns\/persoenlich\/\" data-type=\"page\" data-id=\"350\">mehr<\/a> &#8211; <br><br>Heute sind wir mit circa <strong>9 Aktiven<\/strong>. <br>  <br><br>Da es eine Gemeinschaftsaufgabe ist,\u00a0wollen wir eine Gemeinschaftsbewegung sein, mehr und mehr. Die Sache betrifft schlie\u00dflich jeden.<br><br>             <a href=\"https:\/\/uelsen-nachhaltig.de\/wordpress\/uber-uns\/foerdern\/\" data-type=\"page\" data-id=\"1711\">&#8222;F\u00f6rdern &#8211; mitmachen&#8220;<\/a><\/p><\/div><\/div><\/div>\n<\/div>\n<\/div><\/div>\n\n\n\n<p><\/p>\n","protected":false},"excerpt":{"rendered":"<p>\u00dcber Uns Hoppla. \u00dcblich ist an dieser Stelle ja eine Personenvorstellung der Akteure. Die kommt auch. Doch es werden hier [&hellip;]<\/p>\n","protected":false},"author":1,"featured_media":0,"parent":0,"menu_order":3,"comment_status":"closed","ping_status":"closed","template":"","meta":{"_uag_custom_page_level_css":"","site-sidebar-layout":"default","site-content-layout":"","ast-site-content-layout":"normal-width-container","site-content-style":"default","site-sidebar-style":"default","ast-global-header-display":"","ast-banner-title-visibility":"","ast-main-header-display":"","ast-hfb-above-header-display":"","ast-hfb-below-header-display":"","ast-hfb-mobile-header-display":"","site-post-title":"disabled","ast-breadcrumbs-content":"","ast-featured-img":"","footer-sml-layout":"","theme-transparent-header-meta":"default","adv-header-id-meta":"","stick-header-meta":"","header-above-stick-meta":"","header-main-stick-meta":"","header-below-stick-meta":"","astra-migrate-meta-layouts":"default","ast-page-background-enabled":"default","ast-page-background-meta":{"desktop":{"background-color":"var(--ast-global-color-4)","background-image":"","background-repeat":"repeat","background-position":"center center","background-size":"auto","background-attachment":"scroll","background-type":"","background-media":"","overlay-type":"","overlay-color":"","overlay-opacity":"","overlay-gradient":""},"tablet":{"background-color":"","background-image":"","background-repeat":"repeat","background-position":"center center","background-size":"auto","background-attachment":"scroll","background-type":"","background-media":"","overlay-type":"","overlay-color":"","overlay-opacity":"","overlay-gradient":""},"mobile":{"background-color":"","background-image":"","background-repeat":"repeat","background-position":"center center","background-size":"auto","background-attachment":"scroll","background-type":"","background-media":"","overlay-type":"","overlay-color":"","overlay-opacity":"","overlay-gradient":""}},"ast-content-background-meta":{"desktop":{"background-color":"var(--ast-global-color-5)","background-image":"","background-repeat":"repeat","background-position":"center center","background-size":"auto","background-attachment":"scroll","background-type":"","background-media":"","overlay-type":"","overlay-color":"","overlay-opacity":"","overlay-gradient":""},"tablet":{"background-color":"var(--ast-global-color-5)","background-image":"","background-repeat":"repeat","background-position":"center center","background-size":"auto","background-attachment":"scroll","background-type":"","background-media":"","overlay-type":"","overlay-color":"","overlay-opacity":"","overlay-gradient":""},"mobile":{"background-color":"var(--ast-global-color-5)","background-image":"","background-repeat":"repeat","background-position":"center center","background-size":"auto","background-attachment":"scroll","background-type":"","background-media":"","overlay-type":"","overlay-color":"","overlay-opacity":"","overlay-gradient":""}},"iawp_total_views":185,"footnotes":""},"class_list":["post-104","page","type-page","status-publish","hentry"],"uagb_featured_image_src":{"full":false,"thumbnail":false,"medium":false,"medium_large":false,"large":false,"1536x1536":false,"2048x2048":false},"uagb_author_info":{"display_name":"hermannmarkert","author_link":"https:\/\/uelsen-nachhaltig.de\/wordpress\/author\/hermannmarkert\/"},"uagb_comment_info":0,"uagb_excerpt":"\u00dcber Uns Hoppla. \u00dcblich ist an dieser Stelle ja eine Personenvorstellung der Akteure. Die kommt auch. Doch es werden hier [&hellip;]","_links":{"self":[{"href":"https:\/\/uelsen-nachhaltig.de\/wordpress\/wp-json\/wp\/v2\/pages\/104","targetHints":{"allow":["GET"]}}],"collection":[{"href":"https:\/\/uelsen-nachhaltig.de\/wordpress\/wp-json\/wp\/v2\/pages"}],"about":[{"href":"https:\/\/uelsen-nachhaltig.de\/wordpress\/wp-json\/wp\/v2\/types\/page"}],"author":[{"embeddable":true,"href":"https:\/\/uelsen-nachhaltig.de\/wordpress\/wp-json\/wp\/v2\/users\/1"}],"replies":[{"embeddable":true,"href":"https:\/\/uelsen-nachhaltig.de\/wordpress\/wp-json\/wp\/v2\/comments?post=104"}],"version-history":[{"count":9,"href":"https:\/\/uelsen-nachhaltig.de\/wordpress\/wp-json\/wp\/v2\/pages\/104\/revisions"}],"predecessor-version":[{"id":3331,"href":"https:\/\/uelsen-nachhaltig.de\/wordpress\/wp-json\/wp\/v2\/pages\/104\/revisions\/3331"}],"wp:attachment":[{"href":"https:\/\/uelsen-nachhaltig.de\/wordpress\/wp-json\/wp\/v2\/media?parent=104"}],"curies":[{"name":"wp","href":"https:\/\/api.w.org\/{rel}","templated":true}]}}

Über Uns

<div class="wp-block-uagb-container uagb-block-d7376050 alignwide uagb-is-root-container">
<div class="wp-block-uagb-container uagb-block-cacb742d">
<div class="wp-block-uagb-advanced-heading uagb-block-7c635c0e"><h2 class="uagb-heading-text">Über Uns</h2></div>
</div>
</div>



<div class="wp-block-uagb-container uagb-block-3dd2cffc alignfull uagb-is-root-container"><div class="uagb-container-inner-blocks-wrap">
<div class="wp-block-uagb-advanced-heading uagb-block-2732d86c"><p class="uagb-desc-text"><em>Hoppla.</em> Üblich ist an dieser Stelle ja eine Personenvorstellung der Akteure. Die kommt auch.  Doch es werden hier zunächst die ‚Akteure‘ erwähnt, die mit unserer Situation, der nachhaltigen wie der nicht nachhaltigen, eng verbunden sind, im engeren wie im weiteren Sinne. Wir „stolpern“ also zunächst über uns als Menschen ansich, über unsere Welt, unser Dorf und dann erst kommen ‚wir‘. Daher die drei Kategorien.</p></div>
</div></div>



<div class="wp-block-uagb-container uagb-block-81de966e alignfull uagb-is-root-container"><div class="uagb-container-inner-blocks-wrap">
<div class="wp-block-uagb-container uagb-block-2e513588">
<div class="wp-block-uagb-info-box uagb-block-1506f31d uagb-infobox__content-wrap  uagb-infobox-icon-above-title uagb-infobox-image-valign-top"><div class="uagb-ifb-content"><div class="uagb-ifb-title-wrap"></div><p class="uagb-ifb-desc"><strong>Mensch Welt</strong><br>Erzähl uns: Wie geht es dir, Welt? Wir sind schließlich eng mit dir verwoben..</p></div></div>



<div class="wp-block-uagb-info-box uagb-block-b9033054 uagb-infobox__content-wrap  uagb-infobox-icon-above-title uagb-infobox-image-valign-top"><div class="uagb-ifb-content"><div class="uagb-ifb-image-content"><img decoding="async" src="https://uelsen-nachhaltig.de/wordpress/wp-content/uploads/2024/08/1.1-Mensch-Welt-1024x948.jpg" alt="" width="" height="0" loading="lazy"/></div><div class="uagb-ifb-title-wrap"></div><p class="uagb-ifb-desc">Und du, Mensch, ach was bist du doch für ein merkwürdiges Wesen. Wann ergründen wir dich eigentlich? Es lässt sich wohl auf jeden Fall von dir sagen, dass du …<br>&nbsp;<br> Mehr  <br><br><a href="https://uelsen-nachhaltig.de/wordpress/uber-uns/mensch/" data-type="page" data-id="349">&#8222;Mensch &#8211; wer bist du&#8220;</a><br><br><a href="https://uelsen-nachhaltig.de/wordpress/uber-uns/welt/" data-type="page" data-id="777">&#8222;Oh Welt&#8220;</a></p></div></div>
</div>



<div class="wp-block-uagb-container uagb-block-43126911">
<div class="wp-block-uagb-advanced-heading uagb-block-b712de01"><p class="uagb-heading-text"><strong>Vor Ort</strong></p></div>



<div class="wp-block-uagb-image uagb-block-86e0cded wp-block-uagb-image--layout-default wp-block-uagb-image--effect-static wp-block-uagb-image--align-none"><figure class="wp-block-uagb-image__figure"><img decoding="async" srcset="https://uelsen-nachhaltig.de/wordpress/wp-content/uploads/2024/09/Vor-Ort_09-06-2024_01-1.jpg ,https://uelsen-nachhaltig.de/wordpress/wp-content/uploads/2024/09/Vor-Ort_09-06-2024_01-1.jpg 780w, https://uelsen-nachhaltig.de/wordpress/wp-content/uploads/2024/09/Vor-Ort_09-06-2024_01-1.jpg 360w" sizes="auto, (max-width: 480px) 150px" src="https://uelsen-nachhaltig.de/wordpress/wp-content/uploads/2024/09/Vor-Ort_09-06-2024_01-1.jpg" alt="" class="uag-image-1198" width="213" height="206" title="Vor Ort_09-06-2024_01" loading="lazy" role="img"/></figure></div>



<div class="wp-block-uagb-info-box uagb-block-d531a2dc uagb-infobox__content-wrap  uagb-infobox-icon-above-title uagb-infobox-image-valign-top wp-block-uagb-info-box--has-margin"><div class="uagb-infobox-margin-wrapper"><div class="uagb-ifb-content"><div class="uagb-ifb-title-wrap"></div><p class="uagb-ifb-desc">Unser schönes <strong>Uelsen</strong>. Lebenswert, liebenswert; .<br>der Ort, das Umfeld, die Natur, die Menschen.. (oh, hat da jemand gehustet?)<br>Bei aller Verschiedenheit, die zunächst mal interessant ist; es lohnt sich, näher hinzuschauen. Uns eint nun mal alle der Wunsch, gut Leben zu wollen – am liebsten nach-haltig, also auch lange. Und was noch?</p></div></div></div>



<div class="wp-block-uagb-container uagb-block-fe5f3fed">
<div class="wp-block-uagb-advanced-heading uagb-block-5826e23c"><div class="uagb-heading-text">mehr:     <a href="https://uelsen-nachhaltig.de/wordpress/uber-uns/am-ort/" data-type="page" data-id="799">&#8222;Am Ort&#8220;</a></div></div>
<a class="spectra-container-link-overlay" rel="noopener" href="https://uelsen-nachhaltig.de/wordpress/uber-uns/am-ort/"> </a></div>
</div>



<div class="wp-block-uagb-container uagb-block-4eab3822">
<div class="wp-block-uagb-info-box uagb-block-696bce1f uagb-infobox__content-wrap  uagb-infobox-icon-above-title uagb-infobox-image-valign-top"><div class="uagb-ifb-content"><div class="uagb-ifb-title-wrap"></div><p class="uagb-ifb-desc"><strong>Persönlich</strong> <br>Es fängt wie so vieles mit einer Vision an, einem Menschen, einem Pionier. Ja, so kann man den Initiator dieser Initiative wohl nennen.  2020 kam es zum Start.<br>                  <a href="https://uelsen-nachhaltig.de/wordpress/wp-admin/post.php?post=350&amp;action=edit" data-type="link" data-id="https://uelsen-nachhaltig.de/wordpress/wp-admin/post.php?post=350&amp;action=edit">Über mich</a></p></div></div>



<div class="wp-block-uagb-image uagb-block-10b04aae wp-block-uagb-image--layout-default wp-block-uagb-image--effect-static wp-block-uagb-image--align-none"><figure class="wp-block-uagb-image__figure"><img decoding="async" srcset="https://uelsen-nachhaltig.de/wordpress/wp-content/uploads/2024/09/handen_09-07-2024_01.webp ,https://uelsen-nachhaltig.de/wordpress/wp-content/uploads/2024/09/handen_09-07-2024_01.webp 780w, https://uelsen-nachhaltig.de/wordpress/wp-content/uploads/2024/09/handen_09-07-2024_01.webp 360w" sizes="auto, (max-width: 480px) 150px" src="https://uelsen-nachhaltig.de/wordpress/wp-content/uploads/2024/09/handen_09-07-2024_01.webp" alt="" class="uag-image-1150" width="182" height="159" title="handen_09-07-2024_01" loading="lazy" role="img"/></figure></div>



<div class="wp-block-uagb-info-box uagb-block-a3fe29fe uagb-infobox__content-wrap  uagb-infobox-icon-above-title uagb-infobox-image-valign-top wp-block-uagb-info-box--has-margin"><div class="uagb-infobox-margin-wrapper"><div class="uagb-ifb-content"><div class="uagb-ifb-title-wrap"></div><p class="uagb-ifb-desc">Mit der Zeit kamen Mitstreiter hinzu, <strong><a href="https://uelsen-nachhaltig.de/wordpress/uber-uns/persoenlich/" data-type="page" data-id="350">Unterstützer</a></strong>, Sympathisanten  &#8211; <a href="https://uelsen-nachhaltig.de/wordpress/uber-uns/persoenlich/" data-type="page" data-id="350">mehr</a> &#8211; <br><br>Heute sind wir mit circa <strong>9 Aktiven</strong>. <br>  <br><br>Da es eine Gemeinschaftsaufgabe ist, wollen wir eine Gemeinschaftsbewegung sein, mehr und mehr. Die Sache betrifft schließlich jeden.<br><br>             <a href="https://uelsen-nachhaltig.de/wordpress/uber-uns/foerdern/" data-type="page" data-id="1711">&#8222;Fördern &#8211; mitmachen&#8220;</a></p></div></div></div>
</div>
</div></div>



<p></p>

<p>Über Uns Hoppla. Üblich ist an dieser Stelle ja eine Personenvorstellung der Akteure. Die kommt auch. Doch es werden hier [&hellip;]</p>

Über Uns Hoppla. Üblich ist an dieser Stelle ja eine Personenvorstellung der Akteure. Die kommt auch. Doch es werden hier [&hellip;]
